{"id":10042,"date":"2018-02-03T11:37:31","date_gmt":"2018-02-03T17:37:31","guid":{"rendered":"http:\/\/lafourcadefanclub.com\/sitio\/?page_id=10042"},"modified":"2018-02-03T11:44:17","modified_gmt":"2018-02-03T17:44:17","slug":"danza-de-gardenias","status":"publish","type":"page","link":"https:\/\/lafourcadefanclub.com\/sitio\/videoteca\/music-videos\/danza-de-gardenias\/","title":{"rendered":"Danza de gardenias [Video]"},"content":{"rendered":"<p><a href=\"http:\/\/lafourcadefanclub.com\/sitio\/wp-content\/uploads\/2018\/01\/Danza-de-gardenias-Video-Lafourcade-02-1024x683.jpg\"><img loading=\"lazy\" src=\"http:\/\/lafourcadefanclub.com\/sitio\/wp-content\/uploads\/2018\/01\/Danza-de-gardenias-Video-Lafourcade-02-1024x683.jpg\" alt=\"Danza de gardenias Video Lafourcade 02\" width=\"640\" height=\"427\" class=\"alignnone size-large wp-image-9925\" srcset=\"https:\/\/lafourcadefanclub.com\/sitio\/wp-content\/uploads\/2018\/01\/Danza-de-gardenias-Video-Lafourcade-02-1024x683.jpg 1024w, https:\/\/lafourcadefanclub.com\/sitio\/wp-content\/uploads\/2018\/01\/Danza-de-gardenias-Video-Lafourcade-02-300x200.jpg 300w, https:\/\/lafourcadefanclub.com\/sitio\/wp-content\/uploads\/2018\/01\/Danza-de-gardenias-Video-Lafourcade-02-768x512.jpg 768w, https:\/\/lafourcadefanclub.com\/sitio\/wp-content\/uploads\/2018\/01\/Danza-de-gardenias-Video-Lafourcade-02-640x427.jpg 640w, https:\/\/lafourcadefanclub.com\/sitio\/wp-content\/uploads\/2018\/01\/Danza-de-gardenias-Video-Lafourcade-02-980x653.jpg 980w, https:\/\/lafourcadefanclub.com\/sitio\/wp-content\/uploads\/2018\/01\/Danza-de-gardenias-Video-Lafourcade-02.jpg 1200w\" sizes=\"(max-width: 640px) 100vw, 640px\" \/><\/a><\/p>\n<p>Tema: &#8220;Danza de gardenias (Florecer\u00e1)&#8221;<br \/>\nDirecci\u00f3n\/Realizaci\u00f3n: Mart\u00edn Bautista<br \/>\n&#8220;Danza de gardenias&#8221; aparece en el \u00e1lbum &#8220;Musas, Un homenaje al folclore latinoamerica en manos de Los Macorinos: Vol. 2&#8221;.<br \/>\n\u2117 2018 Sony Music Entertainment M\u00e9xico, S.A. de C.V.<\/p>\n<p><iframe class=\"video\" src=\"https:\/\/www.youtube.com\/embed\/nT5ejVJhios?rel=0&#038;showinfo=0&#038;theme=light&#038;autoplay=1\" frameborder=\"0\" allowfullscreen><\/iframe><\/p>\n","protected":false},"excerpt":{"rendered":"<p>Tema: &#8220;Danza de gardenias (Florecer\u00e1)&#8221; Direcci\u00f3n\/Realizaci\u00f3n: Mart\u00edn Bautista &#8220;Danza de gardenias&#8221; aparece en el \u00e1lbum &#8220;Musas, Un homenaje al folclore latinoamerica en manos de Los Macorinos: Vol. 2&#8221;. \u2117 2018 Sony Music Entertainment M\u00e9xico, S.A. de C.V.<\/p>\n","protected":false},"author":1,"featured_media":9925,"parent":6443,"menu_order":0,"comment_status":"closed","ping_status":"closed","template":"","meta":[],"_links":{"self":[{"href":"https:\/\/lafourcadefanclub.com\/sitio\/wp-json\/wp\/v2\/pages\/10042"}],"collection":[{"href":"https:\/\/lafourcadefanclub.com\/sitio\/wp-json\/wp\/v2\/pages"}],"about":[{"href":"https:\/\/lafourcadefanclub.com\/sitio\/wp-json\/wp\/v2\/types\/page"}],"author":[{"embeddable":true,"href":"https:\/\/lafourcadefanclub.com\/sitio\/wp-json\/wp\/v2\/users\/1"}],"replies":[{"embeddable":true,"href":"https:\/\/lafourcadefanclub.com\/sitio\/wp-json\/wp\/v2\/comments?post=10042"}],"version-history":[{"count":4,"href":"https:\/\/lafourcadefanclub.com\/sitio\/wp-json\/wp\/v2\/pages\/10042\/revisions"}],"predecessor-version":[{"id":10046,"href":"https:\/\/lafourcadefanclub.com\/sitio\/wp-json\/wp\/v2\/pages\/10042\/revisions\/10046"}],"up":[{"embeddable":true,"href":"https:\/\/lafourcadefanclub.com\/sitio\/wp-json\/wp\/v2\/pages\/6443"}],"wp:featuredmedia":[{"embeddable":true,"href":"https:\/\/lafourcadefanclub.com\/sitio\/wp-json\/wp\/v2\/media\/9925"}],"wp:attachment":[{"href":"https:\/\/lafourcadefanclub.com\/sitio\/wp-json\/wp\/v2\/media?parent=10042"}],"curies":[{"name":"wp","href":"https:\/\/api.w.org\/{rel}","templated":true}]}}