{"id":10562,"date":"2019-12-06T10:18:11","date_gmt":"2019-12-06T16:18:11","guid":{"rendered":"http:\/\/lafourcadefanclub.com\/sitio\/?page_id=10562"},"modified":"2020-03-13T16:05:32","modified_gmt":"2020-03-13T22:05:32","slug":"una-vida","status":"publish","type":"page","link":"https:\/\/lafourcadefanclub.com\/sitio\/letras\/un-canto-por-mexico-vol-1\/una-vida\/","title":{"rendered":"Letra: Una Vida"},"content":{"rendered":"<p><img loading=\"lazy\" src=\"http:\/\/lafourcadefanclub.com\/sitio\/wp-content\/uploads\/2019\/12\/Una-Vida-Single-1024x1024.jpg\" alt=\"Una Vida Single\" width=\"300\" height=\"300\" class=\"alignnone size-large wp-image-10560\" srcset=\"https:\/\/lafourcadefanclub.com\/sitio\/wp-content\/uploads\/2019\/12\/Una-Vida-Single-1024x1024.jpg 1024w, https:\/\/lafourcadefanclub.com\/sitio\/wp-content\/uploads\/2019\/12\/Una-Vida-Single-300x300.jpg 300w, https:\/\/lafourcadefanclub.com\/sitio\/wp-content\/uploads\/2019\/12\/Una-Vida-Single-150x150.jpg 150w, https:\/\/lafourcadefanclub.com\/sitio\/wp-content\/uploads\/2019\/12\/Una-Vida-Single-768x768.jpg 768w, https:\/\/lafourcadefanclub.com\/sitio\/wp-content\/uploads\/2019\/12\/Una-Vida-Single-1536x1536.jpg 1536w, https:\/\/lafourcadefanclub.com\/sitio\/wp-content\/uploads\/2019\/12\/Una-Vida-Single-2048x2048.jpg 2048w, https:\/\/lafourcadefanclub.com\/sitio\/wp-content\/uploads\/2019\/12\/Una-Vida-Single-640x640.jpg 640w, https:\/\/lafourcadefanclub.com\/sitio\/wp-content\/uploads\/2019\/12\/Una-Vida-Single-980x980.jpg 980w\" sizes=\"(max-width: 300px) 100vw, 300px\" \/><\/p>\n<p>Quiero dedicarte esta canci\u00f3n<br \/>\nY decir salud para nosotros<br \/>\nPorque eres valiente al regresar, palomito cantor<br \/>\nAunque s\u00e9\u2005que\u2005hay heridas en\u2005tu inmenso coraz\u00f3n<br \/>\nAhora son benditas<\/p>\n<p>Hoy quisiera\u2005regalarte el sol<br \/>\nY que en cada ola la marea<br \/>\nLimpie las memorias del dolor<br \/>\nDe este amargo dolor, que hoy nos ha ense\u00f1ado<br \/>\nUna vida solo hay para reencontrarnos<\/p>\n<p>Una vida solo hay<br \/>\nUna vida solo hay para perdonarnos<br \/>\nUna vida solo hay para darlo todo<br \/>\nUna vida solo hay para dar sonrisas<br \/>\nUna vida solo hay, una vida<br \/>\nUna vida para volver a amarnos<\/p>\n<p>Quiero confesarte una vez m\u00e1s<br \/>\nNo es cuesti\u00f3n de enga\u00f1os ni traiciones<br \/>\nFue que nos soltamos y el vac\u00edo de mi solo coraz\u00f3n<br \/>\nA los dos quiso tenernos, tan prohibido fue el amor<br \/>\nComo inevitable hacerlo<\/p>\n<p>Una vida solo hay<br \/>\nUna vida solo hay para perdonarnos<br \/>\nUna vida solo hay para darlo todo<br \/>\nUna vida solo hay para dar sonrisas<br \/>\nUna vida solo hay, una vida<br \/>\nUna vida&#8230;<\/p>\n<p>Hoy te quiero querer<br \/>\nAs\u00ed quedito y con calma<br \/>\nCon esa calma que no tuvimos ayer<br \/>\nAhora lo reconozco profundamente, me equivoqu\u00e9<br \/>\nS\u00e9 que te fall\u00e9, hasta te perd\u00ed<br \/>\nPareciera ser que tanto dolor y tanto sufrir vali\u00f3 la pena<\/p>\n<p>Una vida solo hay<br \/>\nUna vida solo hay para perdonarnos<br \/>\nUna vida solo hay para darlo todo<br \/>\nUna vida solo hay para dar sonrisas<br \/>\nUna vida solo hay, una vida<br \/>\nUna vida para volver a amarnos<\/p>\n<p>Quiero dedicarte esta canci\u00f3n<br \/>\nPor que a\u00fan&#8230;<br \/>\nTe amo<\/p>\n<p><iframe class=\"video\" src=\"https:\/\/www.youtube.com\/embed\/ECYVIeqMfGI?rel=0&#038;showinfo=0&#038;theme=light&#038;autoplay=1\" frameborder=\"0\" allowfullscreen><\/iframe><\/p>\n<p>Autor: Natalia Lafourcade<br \/>\nEditora: Universal Music Publishing MGB M\u00e9xico, S.A. de C.V.<br \/>\nDirecci\u00f3n\/Realizaci\u00f3n: Kiko Campos<\/p>\n<p><a href=\"http:\/\/lafourcadefanclub.com\/sitio\/letras\/un-canto-por-mexico-vol-1\/\" title=\"Letras de ''UN CANTO POR M\u00c9XICO: Vol. 1''\"><< Regresar a Letras de ''UN CANTO POR M\u00c9XICO: Vol. 1''<\/a><\/p>\n","protected":false},"excerpt":{"rendered":"<p>Quiero dedicarte esta canci\u00f3n Y decir salud para nosotros Porque eres valiente al regresar, palomito cantor Aunque s\u00e9\u2005que\u2005hay heridas en\u2005tu inmenso coraz\u00f3n Ahora son benditas Hoy quisiera\u2005regalarte el sol Y que en cada ola la marea Limpie las memorias del dolor De este amargo dolor, que hoy nos ha ense\u00f1ado Una vida solo hay para [&hellip;]<\/p>\n","protected":false},"author":1,"featured_media":10560,"parent":10608,"menu_order":0,"comment_status":"closed","ping_status":"closed","template":"","meta":[],"_links":{"self":[{"href":"https:\/\/lafourcadefanclub.com\/sitio\/wp-json\/wp\/v2\/pages\/10562"}],"collection":[{"href":"https:\/\/lafourcadefanclub.com\/sitio\/wp-json\/wp\/v2\/pages"}],"about":[{"href":"https:\/\/lafourcadefanclub.com\/sitio\/wp-json\/wp\/v2\/types\/page"}],"author":[{"embeddable":true,"href":"https:\/\/lafourcadefanclub.com\/sitio\/wp-json\/wp\/v2\/users\/1"}],"replies":[{"embeddable":true,"href":"https:\/\/lafourcadefanclub.com\/sitio\/wp-json\/wp\/v2\/comments?post=10562"}],"version-history":[{"count":5,"href":"https:\/\/lafourcadefanclub.com\/sitio\/wp-json\/wp\/v2\/pages\/10562\/revisions"}],"predecessor-version":[{"id":10615,"href":"https:\/\/lafourcadefanclub.com\/sitio\/wp-json\/wp\/v2\/pages\/10562\/revisions\/10615"}],"up":[{"embeddable":true,"href":"https:\/\/lafourcadefanclub.com\/sitio\/wp-json\/wp\/v2\/pages\/10608"}],"wp:featuredmedia":[{"embeddable":true,"href":"https:\/\/lafourcadefanclub.com\/sitio\/wp-json\/wp\/v2\/media\/10560"}],"wp:attachment":[{"href":"https:\/\/lafourcadefanclub.com\/sitio\/wp-json\/wp\/v2\/media?parent=10562"}],"curies":[{"name":"wp","href":"https:\/\/api.w.org\/{rel}","templated":true}]}}