{"id":2947,"date":"2013-05-29T13:49:16","date_gmt":"2013-05-29T19:49:16","guid":{"rendered":"http:\/\/lafourcadefanclub.com\/sitio\/?page_id=2947"},"modified":"2017-01-15T02:47:32","modified_gmt":"2017-01-15T08:47:32","slug":"oracion-caribe","status":"publish","type":"page","link":"https:\/\/lafourcadefanclub.com\/sitio\/letras\/mujer-divina\/oracion-caribe\/","title":{"rendered":"Letra: Oraci\u00f3n Caribe"},"content":{"rendered":"<p>Autor: Mar\u00eda Teresa Lara<br \/>\nInvitado: Jorge Drexler<br \/>\nEditora: PHAM<br \/>\nDirecci\u00f3n\/Realizaci\u00f3n: Carlos Camp\u00f3n<br \/>\nCo-Direcci\u00f3n\/Co-Realizaci\u00f3n: Natalia Lafourcade \/ Ernesto Garc\u00eda<br \/>\nCoros: Carla Morrison \/ Carmen Ru\u00edz \/ Juan Manuel Torreblanca<\/p>\n<p><a href=\"http:\/\/lafourcadefanclub.com\/sitio\/wp-content\/uploads\/2015\/01\/natalia-lafourcade-mujer-divina-estandar.jpg\"><img loading=\"lazy\" src=\"http:\/\/lafourcadefanclub.com\/sitio\/wp-content\/uploads\/2015\/01\/natalia-lafourcade-mujer-divina-estandar-300x300.jpg\" alt=\"natalia-lafourcade-mujer-divina-estandar\" width=\"300\" height=\"300\" class=\"alignnone size-medium wp-image-4426\" srcset=\"https:\/\/lafourcadefanclub.com\/sitio\/wp-content\/uploads\/2015\/01\/natalia-lafourcade-mujer-divina-estandar-300x300.jpg 300w, https:\/\/lafourcadefanclub.com\/sitio\/wp-content\/uploads\/2015\/01\/natalia-lafourcade-mujer-divina-estandar-150x150.jpg 150w, https:\/\/lafourcadefanclub.com\/sitio\/wp-content\/uploads\/2015\/01\/natalia-lafourcade-mujer-divina-estandar.jpg 600w\" sizes=\"(max-width: 300px) 100vw, 300px\" \/><\/a><\/p>\n<p>Oraci\u00f3n Caribe, canto de los negros<br \/>\nOraci\u00f3n Caribe, Oraci\u00f3n del mar<\/p>\n<p>Piedad, piedad<br \/>\nPara el que sufre<br \/>\nPiedad, piedad<br \/>\nPara el que llora&#8230;<\/p>\n<p>Un poco de calor para nuestras vidas<br \/>\nY un poco de luz en nuestra aurora<\/p>\n<p>Piedad, piedad<br \/>\nPara el que sufre<br \/>\nPiedad, piedad<br \/>\nPara el que llora&#8230;<\/p>\n<p>Un poco de calor para nuestras vidas<br \/>\nY una poca de luz en nuestra aurora<\/p>\n<p>Piedad, piedad<br \/>\nPara el que sufre<br \/>\nPiedad, piedad<br \/>\nPara el que llora&#8230;<\/p>\n<p>Un poco de calor para nuestras vidas<br \/>\nY una poca de luz en nuestra aurora<\/p>\n<p><iframe class=\"video\" src=\"\/\/www.youtube.com\/embed\/tadaCqoZwvk?rel=0&#038;showinfo=0&#038;theme=light&#038;autoplay=1\" frameborder=\"0\" allowfullscreen><\/iframe><\/p>\n","protected":false},"excerpt":{"rendered":"<p>Autor: Mar\u00eda Teresa Lara Invitado: Jorge Drexler Editora: PHAM Direcci\u00f3n\/Realizaci\u00f3n: Carlos Camp\u00f3n Co-Direcci\u00f3n\/Co-Realizaci\u00f3n: Natalia Lafourcade \/ Ernesto Garc\u00eda Coros: Carla Morrison \/ Carmen Ru\u00edz \/ Juan Manuel Torreblanca Oraci\u00f3n Caribe, canto de los negros Oraci\u00f3n Caribe, Oraci\u00f3n del mar Piedad, piedad Para el que sufre Piedad, piedad Para el que llora&#8230; Un poco de calor [&hellip;]<\/p>\n","protected":false},"author":1,"featured_media":5087,"parent":2968,"menu_order":0,"comment_status":"closed","ping_status":"open","template":"","meta":[],"_links":{"self":[{"href":"https:\/\/lafourcadefanclub.com\/sitio\/wp-json\/wp\/v2\/pages\/2947"}],"collection":[{"href":"https:\/\/lafourcadefanclub.com\/sitio\/wp-json\/wp\/v2\/pages"}],"about":[{"href":"https:\/\/lafourcadefanclub.com\/sitio\/wp-json\/wp\/v2\/types\/page"}],"author":[{"embeddable":true,"href":"https:\/\/lafourcadefanclub.com\/sitio\/wp-json\/wp\/v2\/users\/1"}],"replies":[{"embeddable":true,"href":"https:\/\/lafourcadefanclub.com\/sitio\/wp-json\/wp\/v2\/comments?post=2947"}],"version-history":[{"count":7,"href":"https:\/\/lafourcadefanclub.com\/sitio\/wp-json\/wp\/v2\/pages\/2947\/revisions"}],"predecessor-version":[{"id":6998,"href":"https:\/\/lafourcadefanclub.com\/sitio\/wp-json\/wp\/v2\/pages\/2947\/revisions\/6998"}],"up":[{"embeddable":true,"href":"https:\/\/lafourcadefanclub.com\/sitio\/wp-json\/wp\/v2\/pages\/2968"}],"wp:featuredmedia":[{"embeddable":true,"href":"https:\/\/lafourcadefanclub.com\/sitio\/wp-json\/wp\/v2\/media\/5087"}],"wp:attachment":[{"href":"https:\/\/lafourcadefanclub.com\/sitio\/wp-json\/wp\/v2\/media?parent=2947"}],"curies":[{"name":"wp","href":"https:\/\/api.w.org\/{rel}","templated":true}]}}