{"id":5907,"date":"2016-12-21T21:15:51","date_gmt":"2016-12-22T03:15:51","guid":{"rendered":"http:\/\/lafourcadefanclub.com\/sitio\/?page_id=5907"},"modified":"2016-12-21T21:59:30","modified_gmt":"2016-12-22T03:59:30","slug":"mexico-suena","status":"publish","type":"page","link":"https:\/\/lafourcadefanclub.com\/sitio\/ella-es\/libros\/mexico-suena\/","title":{"rendered":"Libro: M\u00e9xico Suena"},"content":{"rendered":"<p><img loading=\"lazy\" src=\"http:\/\/lafourcadefanclub.com\/sitio\/wp-content\/uploads\/2016\/12\/libro-mexico-suena-1-212x300.jpg\" alt=\"Libro: M\u00e9xico Suena\" width=\"212\" height=\"300\" class=\"alignnone size-medium wp-image-5914\" srcset=\"https:\/\/lafourcadefanclub.com\/sitio\/wp-content\/uploads\/2016\/12\/libro-mexico-suena-1-212x300.jpg 212w, https:\/\/lafourcadefanclub.com\/sitio\/wp-content\/uploads\/2016\/12\/libro-mexico-suena-1-723x1024.jpg 723w, https:\/\/lafourcadefanclub.com\/sitio\/wp-content\/uploads\/2016\/12\/libro-mexico-suena-1-768x1087.jpg 768w, https:\/\/lafourcadefanclub.com\/sitio\/wp-content\/uploads\/2016\/12\/libro-mexico-suena-1-640x906.jpg 640w, https:\/\/lafourcadefanclub.com\/sitio\/wp-content\/uploads\/2016\/12\/libro-mexico-suena-1.jpg 830w\" sizes=\"(max-width: 212px) 100vw, 212px\" \/><\/p>\n<p>M\u00e9xico Suena es un libro de arte fotogr\u00e1fico que re\u00fane los retratos originales e in\u00e9ditos de int\u00e9rpretes, compositores, m\u00fasicos y figuras m\u00e1s importantes de la m\u00fasica mexicana de los distintos g\u00e9neros.<\/p>\n<p>En sus 384 p\u00e1ginas y 220 fotograf\u00edas, Gabriela Saavedra y Gabriel Rozycki retratan a artistas nacionales e internacionales. Cada imagen incluye comentarios biogr\u00e1ficos con datos curiosos narrados de manera po\u00e9tica y con mucho sentido del humor.<\/p>\n<p>Algunos de los personajes que participaron en este libro son: Juan Gabriel, Vicente Fern\u00e1ndez, Alejandro Fern\u00e1ndez, Joan Sebastian, Belinda, Camila, Chayanne, Calle 13, Juan Luis Guerra, David Bisbal, Maldita Vecindad, Ricky Martin, Paulina Rubio, Enrique Iglesias,  Pesado, Jos\u00e9 Jos\u00e9, Armando Manzanero, Jenni Rivera, Miguel Bos\u00e9, Shakira, Gustavo Cerati, Alejandro Sanz, Juanes, Pl\u00e1cido Domingo, entre otros.<\/p>\n<p>Adem\u00e1s cuenta con fotograf\u00edas de archivo de los compositores e int\u00e9rpretes m\u00e1s importantes de todos los tiempos: Consuelo Vel\u00e1zquez, Agust\u00edn Lara, Jos\u00e9 Alfredo Jim\u00e9nez, Carlos Ch\u00e1vez, \u00c1lvaro Carillo, Manuel M. Ponce, Tom\u00e1s M\u00e9ndez, Lola Beltr\u00e1n, Pedro Vargas, To\u00f1a la Negra, Cuco S\u00e1nchez, Pedro Infante y muchos m\u00e1s.<\/p>\n<p>A\u00f1o: 2010<br \/>\nAutor: Gabriel Saavedra \/ Gabriel Rozycki<br \/>\nEditorial: Intermex<br \/>\nISBN: ~<br \/>\nOrigen: M\u00e9xico<br \/>\nP\u00e1ginas: 384<\/p>\n<p><iframe class=\"video\" src=\"https:\/\/www.youtube.com\/embed\/UE3AUAU1-Co\" frameborder=\"0\" allowfullscreen><\/iframe><\/p>\n<p>NOTA: Incluye una foto especial tomada bajo el agua por Gabriel Saavedra.<\/p>\n","protected":false},"excerpt":{"rendered":"<p>M\u00e9xico Suena es un libro de arte fotogr\u00e1fico que re\u00fane los retratos originales e in\u00e9ditos de int\u00e9rpretes, compositores, m\u00fasicos y figuras m\u00e1s importantes de la m\u00fasica mexicana de los distintos g\u00e9neros. En sus 384 p\u00e1ginas y 220 fotograf\u00edas, Gabriela Saavedra y Gabriel Rozycki retratan a artistas nacionales e internacionales. Cada imagen incluye comentarios biogr\u00e1ficos con [&hellip;]<\/p>\n","protected":false},"author":1,"featured_media":5908,"parent":5905,"menu_order":0,"comment_status":"closed","ping_status":"closed","template":"","meta":[],"_links":{"self":[{"href":"https:\/\/lafourcadefanclub.com\/sitio\/wp-json\/wp\/v2\/pages\/5907"}],"collection":[{"href":"https:\/\/lafourcadefanclub.com\/sitio\/wp-json\/wp\/v2\/pages"}],"about":[{"href":"https:\/\/lafourcadefanclub.com\/sitio\/wp-json\/wp\/v2\/types\/page"}],"author":[{"embeddable":true,"href":"https:\/\/lafourcadefanclub.com\/sitio\/wp-json\/wp\/v2\/users\/1"}],"replies":[{"embeddable":true,"href":"https:\/\/lafourcadefanclub.com\/sitio\/wp-json\/wp\/v2\/comments?post=5907"}],"version-history":[{"count":8,"href":"https:\/\/lafourcadefanclub.com\/sitio\/wp-json\/wp\/v2\/pages\/5907\/revisions"}],"predecessor-version":[{"id":5936,"href":"https:\/\/lafourcadefanclub.com\/sitio\/wp-json\/wp\/v2\/pages\/5907\/revisions\/5936"}],"up":[{"embeddable":true,"href":"https:\/\/lafourcadefanclub.com\/sitio\/wp-json\/wp\/v2\/pages\/5905"}],"wp:featuredmedia":[{"embeddable":true,"href":"https:\/\/lafourcadefanclub.com\/sitio\/wp-json\/wp\/v2\/media\/5908"}],"wp:attachment":[{"href":"https:\/\/lafourcadefanclub.com\/sitio\/wp-json\/wp\/v2\/media?parent=5907"}],"curies":[{"name":"wp","href":"https:\/\/api.w.org\/{rel}","templated":true}]}}