{"id":5964,"date":"2016-12-23T20:58:36","date_gmt":"2016-12-24T02:58:36","guid":{"rendered":"http:\/\/lafourcadefanclub.com\/sitio\/?page_id=5964"},"modified":"2016-12-23T20:58:36","modified_gmt":"2016-12-24T02:58:36","slug":"el-mejoral","status":"publish","type":"page","link":"https:\/\/lafourcadefanclub.com\/sitio\/discografia\/colaboraciones\/el-mejoral\/","title":{"rendered":"El mejoral"},"content":{"rendered":"<p><img loading=\"lazy\" src=\"http:\/\/lafourcadefanclub.com\/sitio\/wp-content\/uploads\/2016\/12\/elmojoral.jpg\" alt=\"elmojoral\" width=\"600\" height=\"600\" class=\"alignnone size-full wp-image-5785\" srcset=\"https:\/\/lafourcadefanclub.com\/sitio\/wp-content\/uploads\/2016\/12\/elmojoral.jpg 600w, https:\/\/lafourcadefanclub.com\/sitio\/wp-content\/uploads\/2016\/12\/elmojoral-300x300.jpg 300w, https:\/\/lafourcadefanclub.com\/sitio\/wp-content\/uploads\/2016\/12\/elmojoral-150x150.jpg 150w\" sizes=\"(max-width: 600px) 100vw, 600px\" \/><\/p>\n<p>Tema: &#8220;El mejoral&#8221;<br \/>\nAutor: ~<br \/>\nInt\u00e9rprete: Natalia Lafourcade<br \/>\nDisquera: ~<br \/>\nEditora: ~<br \/>\nProducci\u00f3n: ~<br \/>\n\u00c1lbum: Mujeres por Colombia (Vallenato: Vol. 2)<br \/>\nA\u00f1o: 2016<br \/>\nDuraci\u00f3n: 2:59<br \/>\nNo. Track: 10<br \/>\nEAN: ~<br \/>\n\u2117 2016 Babel Discos<\/p>\n","protected":false},"excerpt":{"rendered":"<p>Tema: &#8220;El mejoral&#8221; Autor: ~ Int\u00e9rprete: Natalia Lafourcade Disquera: ~ Editora: ~ Producci\u00f3n: ~ \u00c1lbum: Mujeres por Colombia (Vallenato: Vol. 2) A\u00f1o: 2016 Duraci\u00f3n: 2:59 No. Track: 10 EAN: ~ \u2117 2016 Babel Discos<\/p>\n","protected":false},"author":1,"featured_media":0,"parent":5339,"menu_order":0,"comment_status":"closed","ping_status":"closed","template":"","meta":[],"_links":{"self":[{"href":"https:\/\/lafourcadefanclub.com\/sitio\/wp-json\/wp\/v2\/pages\/5964"}],"collection":[{"href":"https:\/\/lafourcadefanclub.com\/sitio\/wp-json\/wp\/v2\/pages"}],"about":[{"href":"https:\/\/lafourcadefanclub.com\/sitio\/wp-json\/wp\/v2\/types\/page"}],"author":[{"embeddable":true,"href":"https:\/\/lafourcadefanclub.com\/sitio\/wp-json\/wp\/v2\/users\/1"}],"replies":[{"embeddable":true,"href":"https:\/\/lafourcadefanclub.com\/sitio\/wp-json\/wp\/v2\/comments?post=5964"}],"version-history":[{"count":1,"href":"https:\/\/lafourcadefanclub.com\/sitio\/wp-json\/wp\/v2\/pages\/5964\/revisions"}],"predecessor-version":[{"id":5965,"href":"https:\/\/lafourcadefanclub.com\/sitio\/wp-json\/wp\/v2\/pages\/5964\/revisions\/5965"}],"up":[{"embeddable":true,"href":"https:\/\/lafourcadefanclub.com\/sitio\/wp-json\/wp\/v2\/pages\/5339"}],"wp:attachment":[{"href":"https:\/\/lafourcadefanclub.com\/sitio\/wp-json\/wp\/v2\/media?parent=5964"}],"curies":[{"name":"wp","href":"https:\/\/api.w.org\/{rel}","templated":true}]}}