{"id":6040,"date":"2016-12-26T10:47:17","date_gmt":"2016-12-26T16:47:17","guid":{"rendered":"http:\/\/lafourcadefanclub.com\/sitio\/?page_id=6040"},"modified":"2021-01-18T18:15:20","modified_gmt":"2021-01-19T00:15:20","slug":"twist","status":"publish","type":"page","link":"https:\/\/lafourcadefanclub.com\/sitio\/ella-es\/proyectos-musicales\/twist\/","title":{"rendered":"Twist"},"content":{"rendered":"<p>A los 14 a\u00f1os se uni\u00f3 al grupo pop <strong>Twist<\/strong>, un tr\u00edo de ni\u00f1as adolescentes formado por Tabatha, Pamela y Natalia. <!--more--><\/p>\n<p><a href=\"http:\/\/lafourcadefanclub.com\/sitio\/wp-content\/uploads\/2016\/12\/Twist_1999.jpeg\"><img loading=\"lazy\" class=\"alignnone size-full wp-image-6045\" src=\"http:\/\/lafourcadefanclub.com\/sitio\/wp-content\/uploads\/2016\/12\/Twist_1999.jpeg\" alt=\"Twist\" width=\"400\" height=\"400\" srcset=\"https:\/\/lafourcadefanclub.com\/sitio\/wp-content\/uploads\/2016\/12\/Twist_1999.jpeg 1400w, https:\/\/lafourcadefanclub.com\/sitio\/wp-content\/uploads\/2016\/12\/Twist_1999-300x300.jpeg 300w, https:\/\/lafourcadefanclub.com\/sitio\/wp-content\/uploads\/2016\/12\/Twist_1999-1024x1024.jpeg 1024w, https:\/\/lafourcadefanclub.com\/sitio\/wp-content\/uploads\/2016\/12\/Twist_1999-150x150.jpeg 150w, https:\/\/lafourcadefanclub.com\/sitio\/wp-content\/uploads\/2016\/12\/Twist_1999-768x768.jpeg 768w, https:\/\/lafourcadefanclub.com\/sitio\/wp-content\/uploads\/2016\/12\/Twist_1999-640x640.jpeg 640w, https:\/\/lafourcadefanclub.com\/sitio\/wp-content\/uploads\/2016\/12\/Twist_1999-980x980.jpeg 980w\" sizes=\"(max-width: 400px) 100vw, 400px\" \/><\/a><\/p>\n<p><strong>Tabatha Vizuet<\/strong> reci\u00e9n hab\u00eda dejado el grupo Jeans, <strong>Ana Pamela Garces<\/strong> pertenec\u00eda al programa <em>&#8220;La hora de los chavos&#8221;<\/em> de TV Azteca y Natalia era <em>&#8220;la nueva&#8221;<\/em> en el mundo de la m\u00fasica, pero ten\u00eda ese carisma que la identifica actualmente.<\/p>\n<p><a href=\"http:\/\/lafourcadefanclub.com\/sitio\/wp-content\/uploads\/2016\/12\/Twist-Trio.jpg\"><img loading=\"lazy\" class=\"alignnone size-full wp-image-6051\" src=\"http:\/\/lafourcadefanclub.com\/sitio\/wp-content\/uploads\/2016\/12\/Twist-Trio.jpg\" alt=\"Twist: Pamela, Tabatha y Natalia\" width=\"400\" height=\"400\" srcset=\"https:\/\/lafourcadefanclub.com\/sitio\/wp-content\/uploads\/2016\/12\/Twist-Trio.jpg 400w, https:\/\/lafourcadefanclub.com\/sitio\/wp-content\/uploads\/2016\/12\/Twist-Trio-300x300.jpg 300w, https:\/\/lafourcadefanclub.com\/sitio\/wp-content\/uploads\/2016\/12\/Twist-Trio-150x150.jpg 150w\" sizes=\"(max-width: 400px) 100vw, 400px\" \/><\/a><\/p>\n<p>En 1999 lanzaron <em>&#8220;Twist&#8221;<\/em>, \u00e1lbum hom\u00f3nimo del grupo creado por Azteca Music y siendo este el \u00fanico editado. Fue producido por <strong>Amado Ja\u00e9n<\/strong> y grabado en Barcelona (Espa\u00f1a), la ciudad a la vanguardia del pop en esos tiempos.<\/p>\n<p><a href=\"http:\/\/lafourcadefanclub.com\/sitio\/wp-content\/uploads\/2016\/12\/Twist-LateMiCorazon.jpg\"><img loading=\"lazy\" class=\"alignnone size-full wp-image-6047\" src=\"http:\/\/lafourcadefanclub.com\/sitio\/wp-content\/uploads\/2016\/12\/Twist-LateMiCorazon.jpg\" alt=\"Late mi coraz\u00f3n\" width=\"150\" height=\"150\" srcset=\"https:\/\/lafourcadefanclub.com\/sitio\/wp-content\/uploads\/2016\/12\/Twist-LateMiCorazon.jpg 600w, https:\/\/lafourcadefanclub.com\/sitio\/wp-content\/uploads\/2016\/12\/Twist-LateMiCorazon-300x300.jpg 300w, https:\/\/lafourcadefanclub.com\/sitio\/wp-content\/uploads\/2016\/12\/Twist-LateMiCorazon-150x150.jpg 150w\" sizes=\"(max-width: 150px) 100vw, 150px\" \/><\/a> <a href=\"http:\/\/lafourcadefanclub.com\/sitio\/wp-content\/uploads\/2016\/12\/Twist-HelloHello.jpg\"><img loading=\"lazy\" class=\"alignnone size-full wp-image-6046\" src=\"http:\/\/lafourcadefanclub.com\/sitio\/wp-content\/uploads\/2016\/12\/Twist-HelloHello.jpg\" alt=\"Hello, hello\" width=\"150\" height=\"150\" srcset=\"https:\/\/lafourcadefanclub.com\/sitio\/wp-content\/uploads\/2016\/12\/Twist-HelloHello.jpg 600w, https:\/\/lafourcadefanclub.com\/sitio\/wp-content\/uploads\/2016\/12\/Twist-HelloHello-300x300.jpg 300w, https:\/\/lafourcadefanclub.com\/sitio\/wp-content\/uploads\/2016\/12\/Twist-HelloHello-150x150.jpg 150w\" sizes=\"(max-width: 150px) 100vw, 150px\" \/><\/a> <a href=\"http:\/\/lafourcadefanclub.com\/sitio\/wp-content\/uploads\/2016\/12\/Twist-ElSeMuerePorTi.jpg\"><img loading=\"lazy\" class=\"alignnone size-full wp-image-6049\" src=\"http:\/\/lafourcadefanclub.com\/sitio\/wp-content\/uploads\/2016\/12\/Twist-ElSeMuerePorTi.jpg\" alt=\"El se muere por ti\" width=\"150\" height=\"150\" srcset=\"https:\/\/lafourcadefanclub.com\/sitio\/wp-content\/uploads\/2016\/12\/Twist-ElSeMuerePorTi.jpg 600w, https:\/\/lafourcadefanclub.com\/sitio\/wp-content\/uploads\/2016\/12\/Twist-ElSeMuerePorTi-300x300.jpg 300w, https:\/\/lafourcadefanclub.com\/sitio\/wp-content\/uploads\/2016\/12\/Twist-ElSeMuerePorTi-150x150.jpg 150w\" sizes=\"(max-width: 150px) 100vw, 150px\" \/><\/a> <a href=\"http:\/\/lafourcadefanclub.com\/sitio\/wp-content\/uploads\/2016\/12\/Twist-Rindete.jpg\"><img loading=\"lazy\" class=\"alignnone size-full wp-image-6048\" src=\"http:\/\/lafourcadefanclub.com\/sitio\/wp-content\/uploads\/2016\/12\/Twist-Rindete.jpg\" alt=\"R\u00edndete\" width=\"150\" height=\"150\" srcset=\"https:\/\/lafourcadefanclub.com\/sitio\/wp-content\/uploads\/2016\/12\/Twist-Rindete.jpg 600w, https:\/\/lafourcadefanclub.com\/sitio\/wp-content\/uploads\/2016\/12\/Twist-Rindete-300x300.jpg 300w, https:\/\/lafourcadefanclub.com\/sitio\/wp-content\/uploads\/2016\/12\/Twist-Rindete-150x150.jpg 150w\" sizes=\"(max-width: 150px) 100vw, 150px\" \/><\/a><\/p>\n<p>Se desprendieron tres sencillos <em>&#8220;Late mi coraz\u00f3n&#8221;<\/em>, <em>&#8220;Hello, hello&#8221;<\/em> y <em>&#8220;\u00c9l se muere por ti&#8221;<\/em>, entrando en el gusto del p\u00fablico mexicano. Tuvieron apariciones especiales en programas de TV Azteca como <em>&#8220;Domingo Azteca&#8221;<\/em>, <em>&#8220;Una Tras Otra&#8221;<\/em>, <em>&#8220;Estudio 7&#8221;<\/em> y <em>&#8220;Bien Sabroso&#8221;<\/em>.<\/p>\n<p><iframe class=\"video\" src=\"https:\/\/www.youtube.com\/embed\/rDWK24e7RR4\" frameborder=\"0\" allowfullscreen=\"allowfullscreen\"><\/iframe><\/p>\n<p>El grupo se disolvi\u00f3 y a partir de ello Natalia decidi\u00f3 estudiar formalmente m\u00fasica.<\/p>\n<p><a href=\"http:\/\/lafourcadefanclub.com\/sitio\/discografia\/proyectos-musicales\/twist\/\">Ver en DISCOGRAF\u00cdA<\/a><\/p>\n","protected":false},"excerpt":{"rendered":"<p>A los 14 a\u00f1os se uni\u00f3 al grupo pop Twist, un tr\u00edo de ni\u00f1as adolescentes formado por Tabatha, Pamela y Natalia.<\/p>\n","protected":false},"author":1,"featured_media":6048,"parent":6038,"menu_order":0,"comment_status":"closed","ping_status":"closed","template":"","meta":[],"_links":{"self":[{"href":"https:\/\/lafourcadefanclub.com\/sitio\/wp-json\/wp\/v2\/pages\/6040"}],"collection":[{"href":"https:\/\/lafourcadefanclub.com\/sitio\/wp-json\/wp\/v2\/pages"}],"about":[{"href":"https:\/\/lafourcadefanclub.com\/sitio\/wp-json\/wp\/v2\/types\/page"}],"author":[{"embeddable":true,"href":"https:\/\/lafourcadefanclub.com\/sitio\/wp-json\/wp\/v2\/users\/1"}],"replies":[{"embeddable":true,"href":"https:\/\/lafourcadefanclub.com\/sitio\/wp-json\/wp\/v2\/comments?post=6040"}],"version-history":[{"count":14,"href":"https:\/\/lafourcadefanclub.com\/sitio\/wp-json\/wp\/v2\/pages\/6040\/revisions"}],"predecessor-version":[{"id":10726,"href":"https:\/\/lafourcadefanclub.com\/sitio\/wp-json\/wp\/v2\/pages\/6040\/revisions\/10726"}],"up":[{"embeddable":true,"href":"https:\/\/lafourcadefanclub.com\/sitio\/wp-json\/wp\/v2\/pages\/6038"}],"wp:featuredmedia":[{"embeddable":true,"href":"https:\/\/lafourcadefanclub.com\/sitio\/wp-json\/wp\/v2\/media\/6048"}],"wp:attachment":[{"href":"https:\/\/lafourcadefanclub.com\/sitio\/wp-json\/wp\/v2\/media?parent=6040"}],"curies":[{"name":"wp","href":"https:\/\/api.w.org\/{rel}","templated":true}]}}