{"id":6207,"date":"2016-12-26T23:40:45","date_gmt":"2016-12-27T05:40:45","guid":{"rendered":"http:\/\/lafourcadefanclub.com\/sitio\/?page_id=6207"},"modified":"2020-04-13T11:57:02","modified_gmt":"2020-04-13T17:57:02","slug":"episodio-09","status":"publish","type":"page","link":"https:\/\/lafourcadefanclub.com\/sitio\/videoteca\/reality-show\/mi-mundo-privado\/episodio-09\/","title":{"rendered":"Episodio 09"},"content":{"rendered":"<p>Episodio 9 de <em>&#8220;Mi mundo privado&#8221;<\/em>, el reality show de Natalia Lafourcade para <strong>Cosmo TV<\/strong> transmitido en 2012.<!--more--><\/p>\n<p><iframe class=\"video\" src=\"https:\/\/www.youtube.com\/embed\/CDIyTzCXmPk?rel=0&#038;showinfo=0&#038;theme=light&#038;autoplay=1\" frameborder=\"0\" allowfullscreen><\/iframe><\/p>\n<p>Durante varias semanas Natalia Lafourcade fue perseguida por el lente de Cosmopolitan, las experiencias de una cantante y compositora \u00fanica, con un mundo especial y particular. <\/p>\n<p>13 cap\u00edtulos conformaron la primera temporada de la serie, la cantante revel\u00f3 mucho de su vida interior, el aspecto privado que ella consider\u00f3 que si no es aburrido, s\u00ed es poco convencional y en ocasiones demasiado informal.<\/p>\n<p><a href=\"http:\/\/lafourcadefanclub.com\/sitio\/videoteca\/reality-show\/mi-mundo-privado\/\">Episodios<\/a>&nbsp;&nbsp;&nbsp;&nbsp;|&nbsp;&nbsp;&nbsp;&nbsp;<a href=\"http:\/\/lafourcadefanclub.com\/sitio\/videoteca\/reality-show\/mi-mundo-privado\/episodio-10\/\">Ver Episodio 10<\/a><\/p>\n","protected":false},"excerpt":{"rendered":"<p>Episodio 9 de &#8220;Mi mundo privado&#8221;, el reality show de Natalia Lafourcade para Cosmo TV transmitido en 2012.<\/p>\n","protected":false},"author":1,"featured_media":6169,"parent":6162,"menu_order":0,"comment_status":"closed","ping_status":"closed","template":"","meta":[],"_links":{"self":[{"href":"https:\/\/lafourcadefanclub.com\/sitio\/wp-json\/wp\/v2\/pages\/6207"}],"collection":[{"href":"https:\/\/lafourcadefanclub.com\/sitio\/wp-json\/wp\/v2\/pages"}],"about":[{"href":"https:\/\/lafourcadefanclub.com\/sitio\/wp-json\/wp\/v2\/types\/page"}],"author":[{"embeddable":true,"href":"https:\/\/lafourcadefanclub.com\/sitio\/wp-json\/wp\/v2\/users\/1"}],"replies":[{"embeddable":true,"href":"https:\/\/lafourcadefanclub.com\/sitio\/wp-json\/wp\/v2\/comments?post=6207"}],"version-history":[{"count":3,"href":"https:\/\/lafourcadefanclub.com\/sitio\/wp-json\/wp\/v2\/pages\/6207\/revisions"}],"predecessor-version":[{"id":10665,"href":"https:\/\/lafourcadefanclub.com\/sitio\/wp-json\/wp\/v2\/pages\/6207\/revisions\/10665"}],"up":[{"embeddable":true,"href":"https:\/\/lafourcadefanclub.com\/sitio\/wp-json\/wp\/v2\/pages\/6162"}],"wp:featuredmedia":[{"embeddable":true,"href":"https:\/\/lafourcadefanclub.com\/sitio\/wp-json\/wp\/v2\/media\/6169"}],"wp:attachment":[{"href":"https:\/\/lafourcadefanclub.com\/sitio\/wp-json\/wp\/v2\/media?parent=6207"}],"curies":[{"name":"wp","href":"https:\/\/api.w.org\/{rel}","templated":true}]}}