{"id":6553,"date":"2017-01-02T01:27:37","date_gmt":"2017-01-02T07:27:37","guid":{"rendered":"http:\/\/lafourcadefanclub.com\/sitio\/?page_id=6553"},"modified":"2017-01-02T01:34:55","modified_gmt":"2017-01-02T07:34:55","slug":"limosna","status":"publish","type":"page","link":"https:\/\/lafourcadefanclub.com\/sitio\/videoteca\/music-videos\/limosna\/","title":{"rendered":"Limosna [Video]"},"content":{"rendered":"<p><img loading=\"lazy\" src=\"http:\/\/lafourcadefanclub.com\/sitio\/wp-content\/uploads\/2017\/01\/video-natalia-lafourcade-limosna-meme-01.jpg\" alt=\"video-natalia-lafourcade-limosna-meme-01\" width=\"1366\" height=\"768\" class=\"alignnone size-full wp-image-6480\" srcset=\"https:\/\/lafourcadefanclub.com\/sitio\/wp-content\/uploads\/2017\/01\/video-natalia-lafourcade-limosna-meme-01.jpg 1366w, https:\/\/lafourcadefanclub.com\/sitio\/wp-content\/uploads\/2017\/01\/video-natalia-lafourcade-limosna-meme-01-300x169.jpg 300w, https:\/\/lafourcadefanclub.com\/sitio\/wp-content\/uploads\/2017\/01\/video-natalia-lafourcade-limosna-meme-01-1024x576.jpg 1024w, https:\/\/lafourcadefanclub.com\/sitio\/wp-content\/uploads\/2017\/01\/video-natalia-lafourcade-limosna-meme-01-768x432.jpg 768w, https:\/\/lafourcadefanclub.com\/sitio\/wp-content\/uploads\/2017\/01\/video-natalia-lafourcade-limosna-meme-01-640x360.jpg 640w, https:\/\/lafourcadefanclub.com\/sitio\/wp-content\/uploads\/2017\/01\/video-natalia-lafourcade-limosna-meme-01-980x551.jpg 980w\" sizes=\"(max-width: 1366px) 100vw, 1366px\" \/><\/p>\n<p>Tema: &#8220;Limosna&#8221;<br \/>\nDirecci\u00f3n: Floria Gonz\u00e1lez<br \/>\n&#8220;Limosna&#8221; aparece en el \u00e1lbum &#8220;Mujer Divina: Homenaje a Agust\u00edn Lara&#8221;.<br \/>\n\u2117 2013 Sony Music Entertainment M\u00e9xico, S.A. de C.V.<\/p>\n<p><iframe class=\"video\" src=\"https:\/\/www.youtube.com\/embed\/5p0XO2xlWw8?rel=0&#038;showinfo=0&#038;theme=light&#038;autoplay=1\" frameborder=\"0\" allowfullscreen><\/iframe><\/p>\n<p>Artistas invitados: Emmanuel del Real &#8220;Meme&#8221; de Caf\u00e9 Tacvba, Leonel Garc\u00eda de Sin Bandera y Alejandra Quesada<\/p>\n<p><a href=\"https:\/\/www.youtube.com\/watch?v=nIqdv9sJXL8\" target=\"_blank\">Ver &#8220;Detr\u00e1s de c\u00e1maras&#8221;<\/a><\/p>\n","protected":false},"excerpt":{"rendered":"<p>Tema: &#8220;Limosna&#8221; Direcci\u00f3n: Floria Gonz\u00e1lez &#8220;Limosna&#8221; aparece en el \u00e1lbum &#8220;Mujer Divina: Homenaje a Agust\u00edn Lara&#8221;. \u2117 2013 Sony Music Entertainment M\u00e9xico, S.A. de C.V. Artistas invitados: Emmanuel del Real &#8220;Meme&#8221; de Caf\u00e9 Tacvba, Leonel Garc\u00eda de Sin Bandera y Alejandra Quesada Ver &#8220;Detr\u00e1s de c\u00e1maras&#8221;<\/p>\n","protected":false},"author":1,"featured_media":6480,"parent":6443,"menu_order":0,"comment_status":"closed","ping_status":"closed","template":"","meta":[],"_links":{"self":[{"href":"https:\/\/lafourcadefanclub.com\/sitio\/wp-json\/wp\/v2\/pages\/6553"}],"collection":[{"href":"https:\/\/lafourcadefanclub.com\/sitio\/wp-json\/wp\/v2\/pages"}],"about":[{"href":"https:\/\/lafourcadefanclub.com\/sitio\/wp-json\/wp\/v2\/types\/page"}],"author":[{"embeddable":true,"href":"https:\/\/lafourcadefanclub.com\/sitio\/wp-json\/wp\/v2\/users\/1"}],"replies":[{"embeddable":true,"href":"https:\/\/lafourcadefanclub.com\/sitio\/wp-json\/wp\/v2\/comments?post=6553"}],"version-history":[{"count":3,"href":"https:\/\/lafourcadefanclub.com\/sitio\/wp-json\/wp\/v2\/pages\/6553\/revisions"}],"predecessor-version":[{"id":6559,"href":"https:\/\/lafourcadefanclub.com\/sitio\/wp-json\/wp\/v2\/pages\/6553\/revisions\/6559"}],"up":[{"embeddable":true,"href":"https:\/\/lafourcadefanclub.com\/sitio\/wp-json\/wp\/v2\/pages\/6443"}],"wp:featuredmedia":[{"embeddable":true,"href":"https:\/\/lafourcadefanclub.com\/sitio\/wp-json\/wp\/v2\/media\/6480"}],"wp:attachment":[{"href":"https:\/\/lafourcadefanclub.com\/sitio\/wp-json\/wp\/v2\/media?parent=6553"}],"curies":[{"name":"wp","href":"https:\/\/api.w.org\/{rel}","templated":true}]}}