{"id":6596,"date":"2017-01-02T02:49:09","date_gmt":"2017-01-02T08:49:09","guid":{"rendered":"http:\/\/lafourcadefanclub.com\/sitio\/?page_id=6596"},"modified":"2020-04-13T10:34:15","modified_gmt":"2020-04-13T16:34:15","slug":"amarte-duele","status":"publish","type":"page","link":"https:\/\/lafourcadefanclub.com\/sitio\/videoteca\/music-videos\/amarte-duele\/","title":{"rendered":"Amarte duele [Video]"},"content":{"rendered":"<p><img loading=\"lazy\" src=\"http:\/\/lafourcadefanclub.com\/sitio\/wp-content\/uploads\/2017\/01\/video-natalia-lafourcade-amarte-duele-soundtrack-love-hurts.jpg\" alt=\"video-natalia-lafourcade-amarte-duele-soundtrack-love-hurts\" width=\"1366\" height=\"768\" class=\"alignnone size-full wp-image-6446\" srcset=\"https:\/\/lafourcadefanclub.com\/sitio\/wp-content\/uploads\/2017\/01\/video-natalia-lafourcade-amarte-duele-soundtrack-love-hurts.jpg 1366w, https:\/\/lafourcadefanclub.com\/sitio\/wp-content\/uploads\/2017\/01\/video-natalia-lafourcade-amarte-duele-soundtrack-love-hurts-300x169.jpg 300w, https:\/\/lafourcadefanclub.com\/sitio\/wp-content\/uploads\/2017\/01\/video-natalia-lafourcade-amarte-duele-soundtrack-love-hurts-1024x576.jpg 1024w, https:\/\/lafourcadefanclub.com\/sitio\/wp-content\/uploads\/2017\/01\/video-natalia-lafourcade-amarte-duele-soundtrack-love-hurts-768x432.jpg 768w, https:\/\/lafourcadefanclub.com\/sitio\/wp-content\/uploads\/2017\/01\/video-natalia-lafourcade-amarte-duele-soundtrack-love-hurts-640x360.jpg 640w, https:\/\/lafourcadefanclub.com\/sitio\/wp-content\/uploads\/2017\/01\/video-natalia-lafourcade-amarte-duele-soundtrack-love-hurts-980x551.jpg 980w\" sizes=\"(max-width: 1366px) 100vw, 1366px\" \/><\/p>\n<p>Tema: &#8220;Amarte duele&#8221;<br \/>\nDirecci\u00f3n y Realizaci\u00f3n: Fernando Sari\u00f1ana<br \/>\nProducci\u00f3n: Altavista Films y Videocine<br \/>\n&#8220;Amarte duele&#8221; aparece en el soundtrack &#8220;Amarte duele&#8221;.<br \/>\n\u2117 2003 Sony Music Entertainment M\u00e9xico, S.A. de C.V.<\/p>\n<p><iframe class=\"video\" src=\"https:\/\/www.youtube.com\/embed\/BJRl6PbbLKE?rel=0&#038;showinfo=0&#038;theme=light&#038;autoplay=1\" frameborder=\"0\" allowfullscreen><\/iframe><\/p>\n<p>Actores invitados: Martha Higareda, Luis Fernando Pe\u00f1a, Ximena Sari\u00f1ana, Andrea Dami\u00e1n, Armando Hern\u00e1ndez, Alfonso Herrera.<\/p>\n","protected":false},"excerpt":{"rendered":"<p>Tema: &#8220;Amarte duele&#8221; Direcci\u00f3n y Realizaci\u00f3n: Fernando Sari\u00f1ana Producci\u00f3n: Altavista Films y Videocine &#8220;Amarte duele&#8221; aparece en el soundtrack &#8220;Amarte duele&#8221;. \u2117 2003 Sony Music Entertainment M\u00e9xico, S.A. de C.V. Actores invitados: Martha Higareda, Luis Fernando Pe\u00f1a, Ximena Sari\u00f1ana, Andrea Dami\u00e1n, Armando Hern\u00e1ndez, Alfonso Herrera.<\/p>\n","protected":false},"author":1,"featured_media":6446,"parent":6443,"menu_order":0,"comment_status":"closed","ping_status":"closed","template":"","meta":[],"_links":{"self":[{"href":"https:\/\/lafourcadefanclub.com\/sitio\/wp-json\/wp\/v2\/pages\/6596"}],"collection":[{"href":"https:\/\/lafourcadefanclub.com\/sitio\/wp-json\/wp\/v2\/pages"}],"about":[{"href":"https:\/\/lafourcadefanclub.com\/sitio\/wp-json\/wp\/v2\/types\/page"}],"author":[{"embeddable":true,"href":"https:\/\/lafourcadefanclub.com\/sitio\/wp-json\/wp\/v2\/users\/1"}],"replies":[{"embeddable":true,"href":"https:\/\/lafourcadefanclub.com\/sitio\/wp-json\/wp\/v2\/comments?post=6596"}],"version-history":[{"count":5,"href":"https:\/\/lafourcadefanclub.com\/sitio\/wp-json\/wp\/v2\/pages\/6596\/revisions"}],"predecessor-version":[{"id":10631,"href":"https:\/\/lafourcadefanclub.com\/sitio\/wp-json\/wp\/v2\/pages\/6596\/revisions\/10631"}],"up":[{"embeddable":true,"href":"https:\/\/lafourcadefanclub.com\/sitio\/wp-json\/wp\/v2\/pages\/6443"}],"wp:featuredmedia":[{"embeddable":true,"href":"https:\/\/lafourcadefanclub.com\/sitio\/wp-json\/wp\/v2\/media\/6446"}],"wp:attachment":[{"href":"https:\/\/lafourcadefanclub.com\/sitio\/wp-json\/wp\/v2\/media?parent=6596"}],"curies":[{"name":"wp","href":"https:\/\/api.w.org\/{rel}","templated":true}]}}