{"id":6616,"date":"2017-01-08T22:55:57","date_gmt":"2017-01-09T04:55:57","guid":{"rendered":"http:\/\/lafourcadefanclub.com\/sitio\/?page_id=6616"},"modified":"2017-01-09T00:01:16","modified_gmt":"2017-01-09T06:01:16","slug":"gulliver","status":"publish","type":"page","link":"https:\/\/lafourcadefanclub.com\/sitio\/videoteca\/music-videos\/gulliver\/","title":{"rendered":"Gulliver [Video] &#8211; con Miguel Bos\u00e9"},"content":{"rendered":"<p><img loading=\"lazy\" src=\"http:\/\/lafourcadefanclub.com\/sitio\/wp-content\/uploads\/2017\/01\/video-natalia-lafourcade-miguel-bose-unplugged-gulliver.jpg\" alt=\"video-natalia-lafourcade-miguel-bose-unplugged-gulliver\" width=\"1366\" height=\"768\" class=\"alignnone size-full wp-image-6485\" srcset=\"https:\/\/lafourcadefanclub.com\/sitio\/wp-content\/uploads\/2017\/01\/video-natalia-lafourcade-miguel-bose-unplugged-gulliver.jpg 1366w, https:\/\/lafourcadefanclub.com\/sitio\/wp-content\/uploads\/2017\/01\/video-natalia-lafourcade-miguel-bose-unplugged-gulliver-300x169.jpg 300w, https:\/\/lafourcadefanclub.com\/sitio\/wp-content\/uploads\/2017\/01\/video-natalia-lafourcade-miguel-bose-unplugged-gulliver-1024x576.jpg 1024w, https:\/\/lafourcadefanclub.com\/sitio\/wp-content\/uploads\/2017\/01\/video-natalia-lafourcade-miguel-bose-unplugged-gulliver-768x432.jpg 768w, https:\/\/lafourcadefanclub.com\/sitio\/wp-content\/uploads\/2017\/01\/video-natalia-lafourcade-miguel-bose-unplugged-gulliver-640x360.jpg 640w, https:\/\/lafourcadefanclub.com\/sitio\/wp-content\/uploads\/2017\/01\/video-natalia-lafourcade-miguel-bose-unplugged-gulliver-980x551.jpg 980w\" sizes=\"(max-width: 1366px) 100vw, 1366px\" \/><\/p>\n<p>Tema: &#8220;Gulliver&#8221; de Miguel Bos\u00e9<br \/>\nDirecci\u00f3n y Realizaci\u00f3n: Pepe Scherman y Gustavo Borner<br \/>\nProducci\u00f3n: Nicol\u00e1s Sorin<br \/>\n&#8220;Gulliver&#8221; aparece en el \u00e1lbum &#8220;MTV Unplugged: Miguel Bos\u00e9&#8221;.<br \/>\n\u2117 2016 Warner Music Spain SL.<\/p>\n<p><iframe class=\"video\" src=\"https:\/\/www.youtube.com\/embed\/suvwD4Q8MMc?rel=0&#038;showinfo=0&#038;theme=light&#038;autoplay=1\" frameborder=\"0\" allowfullscreen><\/iframe><\/p>\n","protected":false},"excerpt":{"rendered":"<p>Tema: &#8220;Gulliver&#8221; de Miguel Bos\u00e9 Direcci\u00f3n y Realizaci\u00f3n: Pepe Scherman y Gustavo Borner Producci\u00f3n: Nicol\u00e1s Sorin &#8220;Gulliver&#8221; aparece en el \u00e1lbum &#8220;MTV Unplugged: Miguel Bos\u00e9&#8221;. \u2117 2016 Warner Music Spain SL.<\/p>\n","protected":false},"author":1,"featured_media":6485,"parent":6443,"menu_order":0,"comment_status":"closed","ping_status":"closed","template":"","meta":[],"_links":{"self":[{"href":"https:\/\/lafourcadefanclub.com\/sitio\/wp-json\/wp\/v2\/pages\/6616"}],"collection":[{"href":"https:\/\/lafourcadefanclub.com\/sitio\/wp-json\/wp\/v2\/pages"}],"about":[{"href":"https:\/\/lafourcadefanclub.com\/sitio\/wp-json\/wp\/v2\/types\/page"}],"author":[{"embeddable":true,"href":"https:\/\/lafourcadefanclub.com\/sitio\/wp-json\/wp\/v2\/users\/1"}],"replies":[{"embeddable":true,"href":"https:\/\/lafourcadefanclub.com\/sitio\/wp-json\/wp\/v2\/comments?post=6616"}],"version-history":[{"count":3,"href":"https:\/\/lafourcadefanclub.com\/sitio\/wp-json\/wp\/v2\/pages\/6616\/revisions"}],"predecessor-version":[{"id":6661,"href":"https:\/\/lafourcadefanclub.com\/sitio\/wp-json\/wp\/v2\/pages\/6616\/revisions\/6661"}],"up":[{"embeddable":true,"href":"https:\/\/lafourcadefanclub.com\/sitio\/wp-json\/wp\/v2\/pages\/6443"}],"wp:featuredmedia":[{"embeddable":true,"href":"https:\/\/lafourcadefanclub.com\/sitio\/wp-json\/wp\/v2\/media\/6485"}],"wp:attachment":[{"href":"https:\/\/lafourcadefanclub.com\/sitio\/wp-json\/wp\/v2\/media?parent=6616"}],"curies":[{"name":"wp","href":"https:\/\/api.w.org\/{rel}","templated":true}]}}