{"id":7597,"date":"2017-02-03T10:02:23","date_gmt":"2017-02-03T16:02:23","guid":{"rendered":"http:\/\/lafourcadefanclub.com\/sitio\/?page_id=7597"},"modified":"2017-09-29T11:04:05","modified_gmt":"2017-09-29T17:04:05","slug":"tu-si-sabes-quererme","status":"publish","type":"page","link":"https:\/\/lafourcadefanclub.com\/sitio\/videoteca\/music-videos\/tu-si-sabes-quererme\/","title":{"rendered":"T\u00fa s\u00ed sabes quererme [Video]"},"content":{"rendered":"<p><a href=\"http:\/\/lafourcadefanclub.com\/sitio\/wp-content\/uploads\/2017\/02\/video-natalia-lafourcade-tu-si-sabes-quererme-macorinos.jpg\" rel=\"attachment wp-att-7598\"><img loading=\"lazy\" src=\"http:\/\/lafourcadefanclub.com\/sitio\/wp-content\/uploads\/2017\/02\/video-natalia-lafourcade-tu-si-sabes-quererme-macorinos.jpg\" alt=\"video-natalia-lafourcade-tu-si-sabes-quererme-macorinos\" width=\"1366\" height=\"768\" class=\"aligncenter size-full wp-image-7598\" srcset=\"https:\/\/lafourcadefanclub.com\/sitio\/wp-content\/uploads\/2017\/02\/video-natalia-lafourcade-tu-si-sabes-quererme-macorinos.jpg 1366w, https:\/\/lafourcadefanclub.com\/sitio\/wp-content\/uploads\/2017\/02\/video-natalia-lafourcade-tu-si-sabes-quererme-macorinos-300x169.jpg 300w, https:\/\/lafourcadefanclub.com\/sitio\/wp-content\/uploads\/2017\/02\/video-natalia-lafourcade-tu-si-sabes-quererme-macorinos-1024x576.jpg 1024w, https:\/\/lafourcadefanclub.com\/sitio\/wp-content\/uploads\/2017\/02\/video-natalia-lafourcade-tu-si-sabes-quererme-macorinos-768x432.jpg 768w, https:\/\/lafourcadefanclub.com\/sitio\/wp-content\/uploads\/2017\/02\/video-natalia-lafourcade-tu-si-sabes-quererme-macorinos-640x360.jpg 640w, https:\/\/lafourcadefanclub.com\/sitio\/wp-content\/uploads\/2017\/02\/video-natalia-lafourcade-tu-si-sabes-quererme-macorinos-980x551.jpg 980w\" sizes=\"(max-width: 1366px) 100vw, 1366px\" \/><\/a><\/p>\n<p>Tema: &#8220;T\u00fa s\u00ed sabes quererme&#8221;<br \/>\nDirecci\u00f3n: Bruno Bancalari<br \/>\nRealizaci\u00f3n: Juan Pablo L\u00f3pez-Fonseca<br \/>\nFotograf\u00eda: Santiago S\u00e1nchez<br \/>\n&#8220;T\u00fa s\u00ed sabes quererme&#8221; aparece en el \u00e1lbum &#8220;Musas, Un homenaje al folclore latinoamerica en manos de Los Macorinos: Vol. 1&#8221;.<br \/>\n\u2117 2017 Sony Music Entertainment M\u00e9xico, S.A. de C.V.<\/p>\n<p><iframe class=\"video\" src=\"https:\/\/www.youtube.com\/embed\/ABLT6hdgEek?rel=0&#038;showinfo=0&#038;theme=light&#038;autoplay=1\" frameborder=\"0\" allowfullscreen><\/iframe><\/p>\n","protected":false},"excerpt":{"rendered":"<p>Tema: &#8220;T\u00fa s\u00ed sabes quererme&#8221; Direcci\u00f3n: Bruno Bancalari Realizaci\u00f3n: Juan Pablo L\u00f3pez-Fonseca Fotograf\u00eda: Santiago S\u00e1nchez &#8220;T\u00fa s\u00ed sabes quererme&#8221; aparece en el \u00e1lbum &#8220;Musas, Un homenaje al folclore latinoamerica en manos de Los Macorinos: Vol. 1&#8221;. \u2117 2017 Sony Music Entertainment M\u00e9xico, S.A. de C.V.<\/p>\n","protected":false},"author":1,"featured_media":7598,"parent":6443,"menu_order":0,"comment_status":"closed","ping_status":"closed","template":"","meta":[],"_links":{"self":[{"href":"https:\/\/lafourcadefanclub.com\/sitio\/wp-json\/wp\/v2\/pages\/7597"}],"collection":[{"href":"https:\/\/lafourcadefanclub.com\/sitio\/wp-json\/wp\/v2\/pages"}],"about":[{"href":"https:\/\/lafourcadefanclub.com\/sitio\/wp-json\/wp\/v2\/types\/page"}],"author":[{"embeddable":true,"href":"https:\/\/lafourcadefanclub.com\/sitio\/wp-json\/wp\/v2\/users\/1"}],"replies":[{"embeddable":true,"href":"https:\/\/lafourcadefanclub.com\/sitio\/wp-json\/wp\/v2\/comments?post=7597"}],"version-history":[{"count":3,"href":"https:\/\/lafourcadefanclub.com\/sitio\/wp-json\/wp\/v2\/pages\/7597\/revisions"}],"predecessor-version":[{"id":9631,"href":"https:\/\/lafourcadefanclub.com\/sitio\/wp-json\/wp\/v2\/pages\/7597\/revisions\/9631"}],"up":[{"embeddable":true,"href":"https:\/\/lafourcadefanclub.com\/sitio\/wp-json\/wp\/v2\/pages\/6443"}],"wp:featuredmedia":[{"embeddable":true,"href":"https:\/\/lafourcadefanclub.com\/sitio\/wp-json\/wp\/v2\/media\/7598"}],"wp:attachment":[{"href":"https:\/\/lafourcadefanclub.com\/sitio\/wp-json\/wp\/v2\/media?parent=7597"}],"curies":[{"name":"wp","href":"https:\/\/api.w.org\/{rel}","templated":true}]}}