{"id":8521,"date":"2017-05-24T14:00:15","date_gmt":"2017-05-24T20:00:15","guid":{"rendered":"http:\/\/lafourcadefanclub.com\/sitio\/?page_id=8521"},"modified":"2017-05-25T09:31:00","modified_gmt":"2017-05-25T15:31:00","slug":"grupo-infra-2015","status":"publish","type":"page","link":"https:\/\/lafourcadefanclub.com\/sitio\/discografia\/compilaciones\/grupo-infra-2015\/","title":{"rendered":"Grupo Infra (2015)"},"content":{"rendered":"<p><a href=\"http:\/\/lafourcadefanclub.com\/sitio\/wp-content\/uploads\/2017\/05\/Grupo-Infra-Cover.jpg\" rel=\"attachment wp-att-8522\"><img loading=\"lazy\" src=\"http:\/\/lafourcadefanclub.com\/sitio\/wp-content\/uploads\/2017\/05\/Grupo-Infra-Cover.jpg\" alt=\"Grupo Infra [Cover]\" width=\"300\" height=\"300\" class=\"size-medium wp-image-8522\" srcset=\"https:\/\/lafourcadefanclub.com\/sitio\/wp-content\/uploads\/2017\/05\/Grupo-Infra-Cover.jpg 600w, https:\/\/lafourcadefanclub.com\/sitio\/wp-content\/uploads\/2017\/05\/Grupo-Infra-Cover-300x300.jpg 300w, https:\/\/lafourcadefanclub.com\/sitio\/wp-content\/uploads\/2017\/05\/Grupo-Infra-Cover-150x150.jpg 150w\" sizes=\"(max-width: 300px) 100vw, 300px\" \/><\/a><\/p>\n<p>\u00c1lbum: Grupo Infra<br \/>\nDisquera: Sony Music Entertainment M\u00e9xico, S.A. de C.V.<br \/>\nFormato: CD<br \/>\nEAN: 888750494924<br \/>\nLanzamiento: 2014<br \/>\nPa\u00eds: M\u00e9xico<\/p>\n<p>CD<br \/>\n7. Natalia Lafourcade &#8211; Ella es bonita<\/p>\n","protected":false},"excerpt":{"rendered":"<p>\u00c1lbum: Grupo Infra Disquera: Sony Music Entertainment M\u00e9xico, S.A. de C.V. Formato: CD EAN: 888750494924 Lanzamiento: 2014 Pa\u00eds: M\u00e9xico CD 7. Natalia Lafourcade &#8211; Ella es bonita<\/p>\n","protected":false},"author":1,"featured_media":8522,"parent":7264,"menu_order":0,"comment_status":"closed","ping_status":"closed","template":"","meta":[],"_links":{"self":[{"href":"https:\/\/lafourcadefanclub.com\/sitio\/wp-json\/wp\/v2\/pages\/8521"}],"collection":[{"href":"https:\/\/lafourcadefanclub.com\/sitio\/wp-json\/wp\/v2\/pages"}],"about":[{"href":"https:\/\/lafourcadefanclub.com\/sitio\/wp-json\/wp\/v2\/types\/page"}],"author":[{"embeddable":true,"href":"https:\/\/lafourcadefanclub.com\/sitio\/wp-json\/wp\/v2\/users\/1"}],"replies":[{"embeddable":true,"href":"https:\/\/lafourcadefanclub.com\/sitio\/wp-json\/wp\/v2\/comments?post=8521"}],"version-history":[{"count":3,"href":"https:\/\/lafourcadefanclub.com\/sitio\/wp-json\/wp\/v2\/pages\/8521\/revisions"}],"predecessor-version":[{"id":8691,"href":"https:\/\/lafourcadefanclub.com\/sitio\/wp-json\/wp\/v2\/pages\/8521\/revisions\/8691"}],"up":[{"embeddable":true,"href":"https:\/\/lafourcadefanclub.com\/sitio\/wp-json\/wp\/v2\/pages\/7264"}],"wp:featuredmedia":[{"embeddable":true,"href":"https:\/\/lafourcadefanclub.com\/sitio\/wp-json\/wp\/v2\/media\/8522"}],"wp:attachment":[{"href":"https:\/\/lafourcadefanclub.com\/sitio\/wp-json\/wp\/v2\/media?parent=8521"}],"curies":[{"name":"wp","href":"https:\/\/api.w.org\/{rel}","templated":true}]}}