{"id":8560,"date":"2017-05-24T15:44:14","date_gmt":"2017-05-24T21:44:14","guid":{"rendered":"http:\/\/lafourcadefanclub.com\/sitio\/?page_id=8560"},"modified":"2017-05-25T09:38:04","modified_gmt":"2017-05-25T15:38:04","slug":"sesion-acustica-2002","status":"publish","type":"page","link":"https:\/\/lafourcadefanclub.com\/sitio\/discografia\/compilaciones\/sesion-acustica-2002\/","title":{"rendered":"Sesi\u00f3n ac\u00fastica (2002)"},"content":{"rendered":"<p><a href=\"http:\/\/lafourcadefanclub.com\/sitio\/wp-content\/uploads\/2017\/05\/00-Sesion-acustica-Cover.jpg\" rel=\"attachment wp-att-8562\"><img loading=\"lazy\" src=\"http:\/\/lafourcadefanclub.com\/sitio\/wp-content\/uploads\/2017\/05\/00-Sesion-acustica-Cover.jpg\" alt=\"00-Sesion acustica [Cover]\" width=\"300\" height=\"300\" class=\"size-medium wp-image-8562\" srcset=\"https:\/\/lafourcadefanclub.com\/sitio\/wp-content\/uploads\/2017\/05\/00-Sesion-acustica-Cover.jpg 600w, https:\/\/lafourcadefanclub.com\/sitio\/wp-content\/uploads\/2017\/05\/00-Sesion-acustica-Cover-300x300.jpg 300w, https:\/\/lafourcadefanclub.com\/sitio\/wp-content\/uploads\/2017\/05\/00-Sesion-acustica-Cover-150x150.jpg 150w\" sizes=\"(max-width: 300px) 100vw, 300px\" \/><\/a><\/p>\n<p>\u00c1lbum: Sesi\u00f3n ac\u00fastica<br \/>\nDisquera: EMI Music M\u00e9xico, S.A. de C.V.<br \/>\nFormato: CD<br \/>\nEAN: 724354394829<br \/>\nLanzamiento: 2002<br \/>\nPa\u00eds: M\u00e9xico<\/p>\n<p>5. Natalia Lafourcade \u2013 Elefantes [Versi\u00f3n Ac\u00fastica]<\/p>\n","protected":false},"excerpt":{"rendered":"<p>\u00c1lbum: Sesi\u00f3n ac\u00fastica Disquera: EMI Music M\u00e9xico, S.A. de C.V. Formato: CD EAN: 724354394829 Lanzamiento: 2002 Pa\u00eds: M\u00e9xico 5. Natalia Lafourcade \u2013 Elefantes [Versi\u00f3n Ac\u00fastica]<\/p>\n","protected":false},"author":1,"featured_media":8562,"parent":7264,"menu_order":0,"comment_status":"closed","ping_status":"closed","template":"","meta":[],"_links":{"self":[{"href":"https:\/\/lafourcadefanclub.com\/sitio\/wp-json\/wp\/v2\/pages\/8560"}],"collection":[{"href":"https:\/\/lafourcadefanclub.com\/sitio\/wp-json\/wp\/v2\/pages"}],"about":[{"href":"https:\/\/lafourcadefanclub.com\/sitio\/wp-json\/wp\/v2\/types\/page"}],"author":[{"embeddable":true,"href":"https:\/\/lafourcadefanclub.com\/sitio\/wp-json\/wp\/v2\/users\/1"}],"replies":[{"embeddable":true,"href":"https:\/\/lafourcadefanclub.com\/sitio\/wp-json\/wp\/v2\/comments?post=8560"}],"version-history":[{"count":3,"href":"https:\/\/lafourcadefanclub.com\/sitio\/wp-json\/wp\/v2\/pages\/8560\/revisions"}],"predecessor-version":[{"id":8716,"href":"https:\/\/lafourcadefanclub.com\/sitio\/wp-json\/wp\/v2\/pages\/8560\/revisions\/8716"}],"up":[{"embeddable":true,"href":"https:\/\/lafourcadefanclub.com\/sitio\/wp-json\/wp\/v2\/pages\/7264"}],"wp:featuredmedia":[{"embeddable":true,"href":"https:\/\/lafourcadefanclub.com\/sitio\/wp-json\/wp\/v2\/media\/8562"}],"wp:attachment":[{"href":"https:\/\/lafourcadefanclub.com\/sitio\/wp-json\/wp\/v2\/media?parent=8560"}],"curies":[{"name":"wp","href":"https:\/\/api.w.org\/{rel}","templated":true}]}}