{"id":8567,"date":"2017-05-24T15:50:12","date_gmt":"2017-05-24T21:50:12","guid":{"rendered":"http:\/\/lafourcadefanclub.com\/sitio\/?page_id=8567"},"modified":"2017-05-25T09:30:41","modified_gmt":"2017-05-25T15:30:41","slug":"todo-2015","status":"publish","type":"page","link":"https:\/\/lafourcadefanclub.com\/sitio\/discografia\/compilaciones\/todo-2015\/","title":{"rendered":"Todo (2015)"},"content":{"rendered":"<p><a href=\"http:\/\/lafourcadefanclub.com\/sitio\/wp-content\/uploads\/2017\/05\/00-Todo-Cover.jpg\" rel=\"attachment wp-att-8568\"><img loading=\"lazy\" src=\"http:\/\/lafourcadefanclub.com\/sitio\/wp-content\/uploads\/2017\/05\/00-Todo-Cover.jpg\" alt=\"00-Todo [Cover]\" width=\"300\" height=\"300\" class=\"size-medium wp-image-8568\" srcset=\"https:\/\/lafourcadefanclub.com\/sitio\/wp-content\/uploads\/2017\/05\/00-Todo-Cover.jpg 600w, https:\/\/lafourcadefanclub.com\/sitio\/wp-content\/uploads\/2017\/05\/00-Todo-Cover-300x300.jpg 300w, https:\/\/lafourcadefanclub.com\/sitio\/wp-content\/uploads\/2017\/05\/00-Todo-Cover-150x150.jpg 150w\" sizes=\"(max-width: 300px) 100vw, 300px\" \/><\/a><\/p>\n<p>\u00c1lbum: Todo<br \/>\nDisquera: Sony Music Entertainment M\u00e9xico, S.A. de C.V.<br \/>\nFormato: 2 CD + DVD<br \/>\nEAN: 88875171421<br \/>\nLanzamiento: 2015<br \/>\nPa\u00eds: M\u00e9xico<\/p>\n<p>CD 1<br \/>\n8. Natalia Lafourcade &#8211; Hasta la ra\u00edz [Album Version]<\/p>\n","protected":false},"excerpt":{"rendered":"<p>\u00c1lbum: Todo Disquera: Sony Music Entertainment M\u00e9xico, S.A. de C.V. Formato: 2 CD + DVD EAN: 88875171421 Lanzamiento: 2015 Pa\u00eds: M\u00e9xico CD 1 8. Natalia Lafourcade &#8211; Hasta la ra\u00edz [Album Version]<\/p>\n","protected":false},"author":1,"featured_media":8568,"parent":7264,"menu_order":0,"comment_status":"closed","ping_status":"closed","template":"","meta":[],"_links":{"self":[{"href":"https:\/\/lafourcadefanclub.com\/sitio\/wp-json\/wp\/v2\/pages\/8567"}],"collection":[{"href":"https:\/\/lafourcadefanclub.com\/sitio\/wp-json\/wp\/v2\/pages"}],"about":[{"href":"https:\/\/lafourcadefanclub.com\/sitio\/wp-json\/wp\/v2\/types\/page"}],"author":[{"embeddable":true,"href":"https:\/\/lafourcadefanclub.com\/sitio\/wp-json\/wp\/v2\/users\/1"}],"replies":[{"embeddable":true,"href":"https:\/\/lafourcadefanclub.com\/sitio\/wp-json\/wp\/v2\/comments?post=8567"}],"version-history":[{"count":2,"href":"https:\/\/lafourcadefanclub.com\/sitio\/wp-json\/wp\/v2\/pages\/8567\/revisions"}],"predecessor-version":[{"id":8688,"href":"https:\/\/lafourcadefanclub.com\/sitio\/wp-json\/wp\/v2\/pages\/8567\/revisions\/8688"}],"up":[{"embeddable":true,"href":"https:\/\/lafourcadefanclub.com\/sitio\/wp-json\/wp\/v2\/pages\/7264"}],"wp:featuredmedia":[{"embeddable":true,"href":"https:\/\/lafourcadefanclub.com\/sitio\/wp-json\/wp\/v2\/media\/8568"}],"wp:attachment":[{"href":"https:\/\/lafourcadefanclub.com\/sitio\/wp-json\/wp\/v2\/media?parent=8567"}],"curies":[{"name":"wp","href":"https:\/\/api.w.org\/{rel}","templated":true}]}}