{"id":8611,"date":"2017-05-24T18:36:14","date_gmt":"2017-05-25T00:36:14","guid":{"rendered":"http:\/\/lafourcadefanclub.com\/sitio\/?page_id=8611"},"modified":"2017-12-28T12:33:46","modified_gmt":"2017-12-28T18:33:46","slug":"la-absoluta-coleccion-del-pop-espanol-2017","status":"publish","type":"page","link":"https:\/\/lafourcadefanclub.com\/sitio\/discografia\/compilaciones\/la-absoluta-coleccion-del-pop-espanol-2017\/","title":{"rendered":"La absoluta colecci\u00f3n del pop en espa\u00f1ol (2017)"},"content":{"rendered":"<p><a href=\"http:\/\/lafourcadefanclub.com\/sitio\/wp-content\/uploads\/2017\/05\/La-Absoluta-Coleccion-del-Pop-en-Espanol.jpg\" rel=\"attachment wp-att-8612\"><img loading=\"lazy\" src=\"http:\/\/lafourcadefanclub.com\/sitio\/wp-content\/uploads\/2017\/05\/La-Absoluta-Coleccion-del-Pop-en-Espanol.jpg\" alt=\"La Absoluta Coleccion del Pop en Espanol\" width=\"300\" height=\"300\" class=\"size-medium wp-image-8612\" srcset=\"https:\/\/lafourcadefanclub.com\/sitio\/wp-content\/uploads\/2017\/05\/La-Absoluta-Coleccion-del-Pop-en-Espanol.jpg 1400w, https:\/\/lafourcadefanclub.com\/sitio\/wp-content\/uploads\/2017\/05\/La-Absoluta-Coleccion-del-Pop-en-Espanol-300x300.jpg 300w, https:\/\/lafourcadefanclub.com\/sitio\/wp-content\/uploads\/2017\/05\/La-Absoluta-Coleccion-del-Pop-en-Espanol-1024x1024.jpg 1024w, https:\/\/lafourcadefanclub.com\/sitio\/wp-content\/uploads\/2017\/05\/La-Absoluta-Coleccion-del-Pop-en-Espanol-150x150.jpg 150w, https:\/\/lafourcadefanclub.com\/sitio\/wp-content\/uploads\/2017\/05\/La-Absoluta-Coleccion-del-Pop-en-Espanol-768x768.jpg 768w, https:\/\/lafourcadefanclub.com\/sitio\/wp-content\/uploads\/2017\/05\/La-Absoluta-Coleccion-del-Pop-en-Espanol-640x640.jpg 640w, https:\/\/lafourcadefanclub.com\/sitio\/wp-content\/uploads\/2017\/05\/La-Absoluta-Coleccion-del-Pop-en-Espanol-980x980.jpg 980w\" sizes=\"(max-width: 300px) 100vw, 300px\" \/><\/a><\/p>\n<p>\u00c1lbum: La absoluta colecci\u00f3n del pop en espa\u00f1ol<br \/>\nDisquera: Sony Music Entertainment M\u00e9xico, S.A. de C.V.<br \/>\nFormato: 3 CD + DVD \/ Digital<br \/>\nEAN: 889853959525<br \/>\nLanzamiento: 2017<br \/>\nPa\u00eds: M\u00e9xico<\/p>\n<p>CD 1<br \/>\n17. Natalia Lafourcade \u2013 En el 2000 [Album Version]<br \/>\nDVD<br \/>\n12. Natalia y la Forquetina \u2013 En el 2000 <\/p>\n","protected":false},"excerpt":{"rendered":"<p>\u00c1lbum: La absoluta colecci\u00f3n del pop en espa\u00f1ol Disquera: Sony Music Entertainment M\u00e9xico, S.A. de C.V. Formato: 3 CD + DVD \/ Digital EAN: 889853959525 Lanzamiento: 2017 Pa\u00eds: M\u00e9xico CD 1 17. Natalia Lafourcade \u2013 En el 2000 [Album Version] DVD 12. Natalia y la Forquetina \u2013 En el 2000<\/p>\n","protected":false},"author":1,"featured_media":8612,"parent":7264,"menu_order":0,"comment_status":"closed","ping_status":"closed","template":"","meta":[],"_links":{"self":[{"href":"https:\/\/lafourcadefanclub.com\/sitio\/wp-json\/wp\/v2\/pages\/8611"}],"collection":[{"href":"https:\/\/lafourcadefanclub.com\/sitio\/wp-json\/wp\/v2\/pages"}],"about":[{"href":"https:\/\/lafourcadefanclub.com\/sitio\/wp-json\/wp\/v2\/types\/page"}],"author":[{"embeddable":true,"href":"https:\/\/lafourcadefanclub.com\/sitio\/wp-json\/wp\/v2\/users\/1"}],"replies":[{"embeddable":true,"href":"https:\/\/lafourcadefanclub.com\/sitio\/wp-json\/wp\/v2\/comments?post=8611"}],"version-history":[{"count":4,"href":"https:\/\/lafourcadefanclub.com\/sitio\/wp-json\/wp\/v2\/pages\/8611\/revisions"}],"predecessor-version":[{"id":9840,"href":"https:\/\/lafourcadefanclub.com\/sitio\/wp-json\/wp\/v2\/pages\/8611\/revisions\/9840"}],"up":[{"embeddable":true,"href":"https:\/\/lafourcadefanclub.com\/sitio\/wp-json\/wp\/v2\/pages\/7264"}],"wp:featuredmedia":[{"embeddable":true,"href":"https:\/\/lafourcadefanclub.com\/sitio\/wp-json\/wp\/v2\/media\/8612"}],"wp:attachment":[{"href":"https:\/\/lafourcadefanclub.com\/sitio\/wp-json\/wp\/v2\/media?parent=8611"}],"curies":[{"name":"wp","href":"https:\/\/api.w.org\/{rel}","templated":true}]}}