{"id":8674,"date":"2017-05-24T21:06:14","date_gmt":"2017-05-25T03:06:14","guid":{"rendered":"http:\/\/lafourcadefanclub.com\/sitio\/?page_id=8674"},"modified":"2017-05-25T09:34:45","modified_gmt":"2017-05-25T15:34:45","slug":"voces-por-haiti-2010","status":"publish","type":"page","link":"https:\/\/lafourcadefanclub.com\/sitio\/discografia\/compilaciones\/voces-por-haiti-2010\/","title":{"rendered":"Voces por Hait\u00ed (2010)"},"content":{"rendered":"<p><a href=\"http:\/\/lafourcadefanclub.com\/sitio\/wp-content\/uploads\/2016\/12\/vocesporhaiti.jpg\" rel=\"attachment wp-att-5884\"><img loading=\"lazy\" src=\"http:\/\/lafourcadefanclub.com\/sitio\/wp-content\/uploads\/2016\/12\/vocesporhaiti.jpg\" alt=\"vocesporhaiti\" width=\"300\" height=\"300\" class=\"size-medium wp-image-5884\" srcset=\"https:\/\/lafourcadefanclub.com\/sitio\/wp-content\/uploads\/2016\/12\/vocesporhaiti.jpg 600w, https:\/\/lafourcadefanclub.com\/sitio\/wp-content\/uploads\/2016\/12\/vocesporhaiti-300x300.jpg 300w, https:\/\/lafourcadefanclub.com\/sitio\/wp-content\/uploads\/2016\/12\/vocesporhaiti-150x150.jpg 150w\" sizes=\"(max-width: 300px) 100vw, 300px\" \/><\/a><\/p>\n<p>\u00c1lbum: Voces por Hait\u00ed<br \/>\nDisquera: Sony Music Entertainment M\u00e9xico, S.A. de C.V.<br \/>\nFormato: 2 CD<br \/>\nEAN: 886976595128<br \/>\nLanzamiento: 2010<br \/>\nPa\u00eds: M\u00e9xico<\/p>\n<p>CD 1<br \/>\n10. Natalia Lafourcade \u2013 En el 2000 [Album Version]<\/p>\n","protected":false},"excerpt":{"rendered":"<p>\u00c1lbum: Voces por Hait\u00ed Disquera: Sony Music Entertainment M\u00e9xico, S.A. de C.V. Formato: 2 CD EAN: 886976595128 Lanzamiento: 2010 Pa\u00eds: M\u00e9xico CD 1 10. Natalia Lafourcade \u2013 En el 2000 [Album Version]<\/p>\n","protected":false},"author":1,"featured_media":5884,"parent":7264,"menu_order":0,"comment_status":"closed","ping_status":"closed","template":"","meta":[],"_links":{"self":[{"href":"https:\/\/lafourcadefanclub.com\/sitio\/wp-json\/wp\/v2\/pages\/8674"}],"collection":[{"href":"https:\/\/lafourcadefanclub.com\/sitio\/wp-json\/wp\/v2\/pages"}],"about":[{"href":"https:\/\/lafourcadefanclub.com\/sitio\/wp-json\/wp\/v2\/types\/page"}],"author":[{"embeddable":true,"href":"https:\/\/lafourcadefanclub.com\/sitio\/wp-json\/wp\/v2\/users\/1"}],"replies":[{"embeddable":true,"href":"https:\/\/lafourcadefanclub.com\/sitio\/wp-json\/wp\/v2\/comments?post=8674"}],"version-history":[{"count":2,"href":"https:\/\/lafourcadefanclub.com\/sitio\/wp-json\/wp\/v2\/pages\/8674\/revisions"}],"predecessor-version":[{"id":8706,"href":"https:\/\/lafourcadefanclub.com\/sitio\/wp-json\/wp\/v2\/pages\/8674\/revisions\/8706"}],"up":[{"embeddable":true,"href":"https:\/\/lafourcadefanclub.com\/sitio\/wp-json\/wp\/v2\/pages\/7264"}],"wp:featuredmedia":[{"embeddable":true,"href":"https:\/\/lafourcadefanclub.com\/sitio\/wp-json\/wp\/v2\/media\/5884"}],"wp:attachment":[{"href":"https:\/\/lafourcadefanclub.com\/sitio\/wp-json\/wp\/v2\/media?parent=8674"}],"curies":[{"name":"wp","href":"https:\/\/api.w.org\/{rel}","templated":true}]}}