{"id":8752,"date":"2017-05-25T11:46:58","date_gmt":"2017-05-25T17:46:58","guid":{"rendered":"http:\/\/lafourcadefanclub.com\/sitio\/?page_id=8752"},"modified":"2017-05-25T11:55:42","modified_gmt":"2017-05-25T17:55:42","slug":"cuando-tomas-pepsi-oyes-musica-minidisk-3-2003","status":"publish","type":"page","link":"https:\/\/lafourcadefanclub.com\/sitio\/discografia\/compilaciones\/cuando-tomas-pepsi-oyes-musica-minidisk-3-2003\/","title":{"rendered":"Cuando tomas Pepsi oyEs! M\u00fasica: Minidisk 3 (2003)"},"content":{"rendered":"<p><a href=\"http:\/\/lafourcadefanclub.com\/sitio\/wp-content\/uploads\/2017\/05\/Pepsi-Minidisk-3.jpg\" rel=\"attachment wp-att-8753\"><img loading=\"lazy\" src=\"http:\/\/lafourcadefanclub.com\/sitio\/wp-content\/uploads\/2017\/05\/Pepsi-Minidisk-3.jpg\" alt=\"Pepsi Minidisk 3\" width=\"300\" height=\"300\" class=\"size-medium wp-image-8753\" srcset=\"https:\/\/lafourcadefanclub.com\/sitio\/wp-content\/uploads\/2017\/05\/Pepsi-Minidisk-3.jpg 600w, https:\/\/lafourcadefanclub.com\/sitio\/wp-content\/uploads\/2017\/05\/Pepsi-Minidisk-3-300x300.jpg 300w, https:\/\/lafourcadefanclub.com\/sitio\/wp-content\/uploads\/2017\/05\/Pepsi-Minidisk-3-150x150.jpg 150w\" sizes=\"(max-width: 300px) 100vw, 300px\" \/><\/a><\/p>\n<p>\u00c1lbum: Cuando tomas Pepsi oyEs! M\u00fasica, Minidisk 3<br \/>\nDisquera: Sony Music Entertainment M\u00e9xico, S.A. de C.V.<br \/>\nFormato: Mini CD<br \/>\nEAN: ~<br \/>\nLanzamiento: 2003<br \/>\nPa\u00eds: M\u00e9xico<\/p>\n<p>2. Natalia Lafourcade &#8211; Busca un problema [Single Version] (3:07)<\/p>\n","protected":false},"excerpt":{"rendered":"<p>\u00c1lbum: Cuando tomas Pepsi oyEs! M\u00fasica, Minidisk 3 Disquera: Sony Music Entertainment M\u00e9xico, S.A. de C.V. Formato: Mini CD EAN: ~ Lanzamiento: 2003 Pa\u00eds: M\u00e9xico 2. Natalia Lafourcade &#8211; Busca un problema [Single Version] (3:07)<\/p>\n","protected":false},"author":1,"featured_media":8753,"parent":7264,"menu_order":0,"comment_status":"closed","ping_status":"closed","template":"","meta":[],"_links":{"self":[{"href":"https:\/\/lafourcadefanclub.com\/sitio\/wp-json\/wp\/v2\/pages\/8752"}],"collection":[{"href":"https:\/\/lafourcadefanclub.com\/sitio\/wp-json\/wp\/v2\/pages"}],"about":[{"href":"https:\/\/lafourcadefanclub.com\/sitio\/wp-json\/wp\/v2\/types\/page"}],"author":[{"embeddable":true,"href":"https:\/\/lafourcadefanclub.com\/sitio\/wp-json\/wp\/v2\/users\/1"}],"replies":[{"embeddable":true,"href":"https:\/\/lafourcadefanclub.com\/sitio\/wp-json\/wp\/v2\/comments?post=8752"}],"version-history":[{"count":2,"href":"https:\/\/lafourcadefanclub.com\/sitio\/wp-json\/wp\/v2\/pages\/8752\/revisions"}],"predecessor-version":[{"id":8759,"href":"https:\/\/lafourcadefanclub.com\/sitio\/wp-json\/wp\/v2\/pages\/8752\/revisions\/8759"}],"up":[{"embeddable":true,"href":"https:\/\/lafourcadefanclub.com\/sitio\/wp-json\/wp\/v2\/pages\/7264"}],"wp:featuredmedia":[{"embeddable":true,"href":"https:\/\/lafourcadefanclub.com\/sitio\/wp-json\/wp\/v2\/media\/8753"}],"wp:attachment":[{"href":"https:\/\/lafourcadefanclub.com\/sitio\/wp-json\/wp\/v2\/media?parent=8752"}],"curies":[{"name":"wp","href":"https:\/\/api.w.org\/{rel}","templated":true}]}}