{"id":8908,"date":"2017-05-28T21:18:11","date_gmt":"2017-05-29T03:18:11","guid":{"rendered":"http:\/\/lafourcadefanclub.com\/sitio\/?page_id=8908"},"modified":"2017-05-28T21:28:57","modified_gmt":"2017-05-29T03:28:57","slug":"hasta-la-raiz-canovas-root-version-2015","status":"publish","type":"page","link":"https:\/\/lafourcadefanclub.com\/sitio\/discografia\/sencillos\/hasta-la-raiz-canovas-root-version-2015\/","title":{"rendered":"Hasta la ra\u00edz [Canova&#8217;s Root Version] (2015)"},"content":{"rendered":"<p><a href=\"http:\/\/lafourcadefanclub.com\/sitio\/wp-content\/uploads\/2017\/05\/Hasta-la-raiz-Canova-Single-iTunes.jpg\" rel=\"attachment wp-att-8909\"><img loading=\"lazy\" src=\"http:\/\/lafourcadefanclub.com\/sitio\/wp-content\/uploads\/2017\/05\/Hasta-la-raiz-Canova-Single-iTunes.jpg\" alt=\"Hasta la raiz Canova - Single iTunes\" width=\"300\" height=\"300\" class=\"size-medium wp-image-8909\" srcset=\"https:\/\/lafourcadefanclub.com\/sitio\/wp-content\/uploads\/2017\/05\/Hasta-la-raiz-Canova-Single-iTunes.jpg 1400w, https:\/\/lafourcadefanclub.com\/sitio\/wp-content\/uploads\/2017\/05\/Hasta-la-raiz-Canova-Single-iTunes-300x300.jpg 300w, https:\/\/lafourcadefanclub.com\/sitio\/wp-content\/uploads\/2017\/05\/Hasta-la-raiz-Canova-Single-iTunes-1024x1024.jpg 1024w, https:\/\/lafourcadefanclub.com\/sitio\/wp-content\/uploads\/2017\/05\/Hasta-la-raiz-Canova-Single-iTunes-150x150.jpg 150w, https:\/\/lafourcadefanclub.com\/sitio\/wp-content\/uploads\/2017\/05\/Hasta-la-raiz-Canova-Single-iTunes-768x768.jpg 768w, https:\/\/lafourcadefanclub.com\/sitio\/wp-content\/uploads\/2017\/05\/Hasta-la-raiz-Canova-Single-iTunes-640x640.jpg 640w, https:\/\/lafourcadefanclub.com\/sitio\/wp-content\/uploads\/2017\/05\/Hasta-la-raiz-Canova-Single-iTunes-980x980.jpg 980w\" sizes=\"(max-width: 300px) 100vw, 300px\" \/><\/a><\/p>\n<p>\u00c1lbum: Hasta la ra\u00edz [Canova&#8217;s Root Version]<br \/>\nDisquera: Sony Music Entertainment M\u00e9xico, S.A. de C.V.<br \/>\nFormato: Digital<br \/>\nEAN: ~<br \/>\nLanzamiento: 2015<br \/>\nPa\u00eds: M\u00e9xico<\/p>\n<p>1. Hasta la ra\u00edz [Canova&#8217;s Root Version] (3:39)<\/p>\n","protected":false},"excerpt":{"rendered":"<p>\u00c1lbum: Hasta la ra\u00edz [Canova&#8217;s Root Version] Disquera: Sony Music Entertainment M\u00e9xico, S.A. de C.V. Formato: Digital EAN: ~ Lanzamiento: 2015 Pa\u00eds: M\u00e9xico 1. Hasta la ra\u00edz [Canova&#8217;s Root Version] (3:39)<\/p>\n","protected":false},"author":1,"featured_media":8909,"parent":8414,"menu_order":0,"comment_status":"closed","ping_status":"closed","template":"","meta":[],"_links":{"self":[{"href":"https:\/\/lafourcadefanclub.com\/sitio\/wp-json\/wp\/v2\/pages\/8908"}],"collection":[{"href":"https:\/\/lafourcadefanclub.com\/sitio\/wp-json\/wp\/v2\/pages"}],"about":[{"href":"https:\/\/lafourcadefanclub.com\/sitio\/wp-json\/wp\/v2\/types\/page"}],"author":[{"embeddable":true,"href":"https:\/\/lafourcadefanclub.com\/sitio\/wp-json\/wp\/v2\/users\/1"}],"replies":[{"embeddable":true,"href":"https:\/\/lafourcadefanclub.com\/sitio\/wp-json\/wp\/v2\/comments?post=8908"}],"version-history":[{"count":3,"href":"https:\/\/lafourcadefanclub.com\/sitio\/wp-json\/wp\/v2\/pages\/8908\/revisions"}],"predecessor-version":[{"id":8914,"href":"https:\/\/lafourcadefanclub.com\/sitio\/wp-json\/wp\/v2\/pages\/8908\/revisions\/8914"}],"up":[{"embeddable":true,"href":"https:\/\/lafourcadefanclub.com\/sitio\/wp-json\/wp\/v2\/pages\/8414"}],"wp:featuredmedia":[{"embeddable":true,"href":"https:\/\/lafourcadefanclub.com\/sitio\/wp-json\/wp\/v2\/media\/8909"}],"wp:attachment":[{"href":"https:\/\/lafourcadefanclub.com\/sitio\/wp-json\/wp\/v2\/media?parent=8908"}],"curies":[{"name":"wp","href":"https:\/\/api.w.org\/{rel}","templated":true}]}}