{"id":9920,"date":"2018-01-16T12:43:04","date_gmt":"2018-01-16T18:43:04","guid":{"rendered":"http:\/\/lafourcadefanclub.com\/sitio\/?page_id=9920"},"modified":"2018-01-16T12:44:05","modified_gmt":"2018-01-16T18:44:05","slug":"danza-de-gardenias-single-2018","status":"publish","type":"page","link":"https:\/\/lafourcadefanclub.com\/sitio\/discografia\/sencillos\/danza-de-gardenias-single-2018\/","title":{"rendered":"Danza de gardenias [Single] (2018)"},"content":{"rendered":"<p><a href=\"http:\/\/lafourcadefanclub.com\/sitio\/wp-content\/uploads\/2018\/01\/Danza-sin-Vol-2-1400.jpg\" rel=\"attachment wp-att-8921\"><img loading=\"lazy\" src=\"http:\/\/lafourcadefanclub.com\/sitio\/wp-content\/uploads\/2018\/01\/Danza-sin-Vol-2-1400-1024x1024.jpg\" alt=\"Danza sin Vol 2 1400\" width=\"300\" height=\"300\" class=\"alignnone size-medium wp-image-9858\" srcset=\"https:\/\/lafourcadefanclub.com\/sitio\/wp-content\/uploads\/2018\/01\/Danza-sin-Vol-2-1400-1024x1024.jpg 1024w, https:\/\/lafourcadefanclub.com\/sitio\/wp-content\/uploads\/2018\/01\/Danza-sin-Vol-2-1400-300x300.jpg 300w, https:\/\/lafourcadefanclub.com\/sitio\/wp-content\/uploads\/2018\/01\/Danza-sin-Vol-2-1400-150x150.jpg 150w, https:\/\/lafourcadefanclub.com\/sitio\/wp-content\/uploads\/2018\/01\/Danza-sin-Vol-2-1400-768x768.jpg 768w, https:\/\/lafourcadefanclub.com\/sitio\/wp-content\/uploads\/2018\/01\/Danza-sin-Vol-2-1400-640x640.jpg 640w, https:\/\/lafourcadefanclub.com\/sitio\/wp-content\/uploads\/2018\/01\/Danza-sin-Vol-2-1400-980x980.jpg 980w, https:\/\/lafourcadefanclub.com\/sitio\/wp-content\/uploads\/2018\/01\/Danza-sin-Vol-2-1400.jpg 1400w\" sizes=\"(max-width: 300px) 100vw, 300px\" \/><\/a><\/p>\n<p>\u00c1lbum: Danza de gardenias<br \/>\nDisquera: Sony Music Entertainment M\u00e9xico, S.A. de C.V.<br \/>\nFormato: Digital<br \/>\nEAN: ~<br \/>\nLanzamiento: 12 de enero de 2018<br \/>\nPa\u00eds: Mundial<\/p>\n<p>1. Danza de gardenias (4:23)<\/p>\n","protected":false},"excerpt":{"rendered":"<p>\u00c1lbum: Danza de gardenias Disquera: Sony Music Entertainment M\u00e9xico, S.A. de C.V. Formato: Digital EAN: ~ Lanzamiento: 12 de enero de 2018 Pa\u00eds: Mundial 1. Danza de gardenias (4:23)<\/p>\n","protected":false},"author":1,"featured_media":9858,"parent":8414,"menu_order":0,"comment_status":"closed","ping_status":"closed","template":"","meta":[],"_links":{"self":[{"href":"https:\/\/lafourcadefanclub.com\/sitio\/wp-json\/wp\/v2\/pages\/9920"}],"collection":[{"href":"https:\/\/lafourcadefanclub.com\/sitio\/wp-json\/wp\/v2\/pages"}],"about":[{"href":"https:\/\/lafourcadefanclub.com\/sitio\/wp-json\/wp\/v2\/types\/page"}],"author":[{"embeddable":true,"href":"https:\/\/lafourcadefanclub.com\/sitio\/wp-json\/wp\/v2\/users\/1"}],"replies":[{"embeddable":true,"href":"https:\/\/lafourcadefanclub.com\/sitio\/wp-json\/wp\/v2\/comments?post=9920"}],"version-history":[{"count":1,"href":"https:\/\/lafourcadefanclub.com\/sitio\/wp-json\/wp\/v2\/pages\/9920\/revisions"}],"predecessor-version":[{"id":9921,"href":"https:\/\/lafourcadefanclub.com\/sitio\/wp-json\/wp\/v2\/pages\/9920\/revisions\/9921"}],"up":[{"embeddable":true,"href":"https:\/\/lafourcadefanclub.com\/sitio\/wp-json\/wp\/v2\/pages\/8414"}],"wp:featuredmedia":[{"embeddable":true,"href":"https:\/\/lafourcadefanclub.com\/sitio\/wp-json\/wp\/v2\/media\/9858"}],"wp:attachment":[{"href":"https:\/\/lafourcadefanclub.com\/sitio\/wp-json\/wp\/v2\/media?parent=9920"}],"curies":[{"name":"wp","href":"https:\/\/api.w.org\/{rel}","templated":true}]}}